{"id":39,"date":"2015-05-02T14:44:12","date_gmt":"2015-05-02T14:44:12","guid":{"rendered":"http:\/\/www.ime.usp.br\/~pedrosp\/wp\/wordpress\/?page_id=39"},"modified":"2016-11-13T21:18:21","modified_gmt":"2016-11-13T21:18:21","slug":"bioestatistica","status":"publish","type":"page","link":"https:\/\/www.ime.usp.br\/~pedrosp\/bioestatistica\/","title":{"rendered":"Bioestat\u00edstica"},"content":{"rendered":"<ul>\n<li><a href=\"http:\/\/www.ime.usp.br\/~pedrosp\/Boxplot.xls\" target=\"_blank\">Boxplot para Microsoft Excel<\/a> (2010)\n<ul>\n<li>Ferramenta usando Peltier Tech Box and Whisker Chart Utility<\/li>\n<li>Vers\u00e3o com n\u00famero de vari\u00e1veis\/grupos estendida: <a href=\"http:\/\/www.ime.usp.br\/~pedrosp\/wp\/wordpress\/wp-content\/uploads\/2015\/05\/Boxplot_expanded.xls\">boxplot<\/a><\/li>\n<\/ul>\n<\/li>\n<li><a href=\"http:\/\/www.ime.usp.br\/~pedrosp\/Exstat.xls\" target=\"_blank\">EXSTAT &#8211; Excel Statistics Calculator <\/a>(2013)\n<ul>\n<li>Pacote de func\u00e7\u00f5es escritas em VBA para Microsoft Excel<\/li>\n<li>Principais ferramentas: testes n\u00e3o param\u00e9tricos\u00a0como\u00a0Mann-Whitney \/ Kruskal-Wallis \/ Friedman \/ Wilcoxon<\/li>\n<\/ul>\n<\/li>\n<li><a href=\"http:\/\/www.ime.usp.br\/~pedrosp\/CursodeBiostatistica-2012.pdf\" target=\"_blank\">Curso de bioestat\u00edstica<\/a>\u00a0(2012) &#8211; Curso de p\u00f3s gradua\u00e7\u00e3o para alunos do Instituto Butantan, oferecido tamb\u00e9m na Escola Paulista de Medicina em 2010 e 2011.<\/li>\n<\/ul>\n","protected":false},"excerpt":{"rendered":"<p>Boxplot para Microsoft Excel (2010) Ferramenta usando Peltier Tech Box and Whisker Chart Utility Vers\u00e3o com n\u00famero de vari\u00e1veis\/grupos estendida: boxplot EXSTAT &#8211; Excel Statistics Calculator (2013) Pacote de func\u00e7\u00f5es escritas em VBA para Microsoft Excel Principais ferramentas: testes n\u00e3o param\u00e9tricos\u00a0como\u00a0Mann-Whitney \/ Kruskal-Wallis \/ Friedman \/ Wilcoxon Curso de bioestat\u00edstica\u00a0(2012) &#8211; Curso de p\u00f3s gradua\u00e7\u00e3o [&hellip;]<\/p>\n","protected":false},"author":1,"featured_media":0,"parent":0,"menu_order":0,"comment_status":"closed","ping_status":"closed","template":"","meta":{"_monsterinsights_skip_tracking":false,"_monsterinsights_sitenote_active":false,"_monsterinsights_sitenote_note":"","_monsterinsights_sitenote_category":0,"site-sidebar-layout":"default","site-content-layout":"","ast-site-content-layout":"default","site-content-style":"default","site-sidebar-style":"default","ast-global-header-display":"","ast-banner-title-visibility":"","ast-main-header-display":"","ast-hfb-above-header-display":"","ast-hfb-below-header-display":"","ast-hfb-mobile-header-display":"","site-post-title":"","ast-breadcrumbs-content":"","ast-featured-img":"","footer-sml-layout":"","ast-disable-related-posts":"","theme-transparent-header-meta":"","adv-header-id-meta":"","stick-header-meta":"","header-above-stick-meta":"","header-main-stick-meta":"","header-below-stick-meta":"","astra-migrate-meta-layouts":"default","ast-page-background-enabled":"default","ast-page-background-meta":{"desktop":{"background-color":"var(--ast-global-color-4)","background-image":"","background-repeat":"repeat","background-position":"center center","background-size":"auto","background-attachment":"scroll","background-type":"","background-media":"","overlay-type":"","overlay-color":"","overlay-opacity":"","overlay-gradient":""},"tablet":{"background-color":"","background-image":"","background-repeat":"repeat","background-position":"center center","background-size":"auto","background-attachment":"scroll","background-type":"","background-media":"","overlay-type":"","overlay-color":"","overlay-opacity":"","overlay-gradient":""},"mobile":{"background-color":"","background-image":"","background-repeat":"repeat","background-position":"center center","background-size":"auto","background-attachment":"scroll","background-type":"","background-media":"","overlay-type":"","overlay-color":"","overlay-opacity":"","overlay-gradient":""}},"ast-content-background-meta":{"desktop":{"background-color":"var(--ast-global-color-5)","background-image":"","background-repeat":"repeat","background-position":"center center","background-size":"auto","background-attachment":"scroll","background-type":"","background-media":"","overlay-type":"","overlay-color":"","overlay-opacity":"","overlay-gradient":""},"tablet":{"background-color":"var(--ast-global-color-5)","background-image":"","background-repeat":"repeat","background-position":"center center","background-size":"auto","background-attachment":"scroll","background-type":"","background-media":"","overlay-type":"","overlay-color":"","overlay-opacity":"","overlay-gradient":""},"mobile":{"background-color":"var(--ast-global-color-5)","background-image":"","background-repeat":"repeat","background-position":"center center","background-size":"auto","background-attachment":"scroll","background-type":"","background-media":"","overlay-type":"","overlay-color":"","overlay-opacity":"","overlay-gradient":""}},"footnotes":""},"class_list":["post-39","page","type-page","status-publish","hentry"],"featured_image_urls_v2":{"full":"","thumbnail":"","medium":"","medium_large":"","large":"","1536x1536":"","2048x2048":""},"post_excerpt_stackable_v2":"<p>Boxplot para Microsoft Excel (2010) Ferramenta usando Peltier Tech Box and Whisker Chart Utility Vers\u00e3o com n\u00famero de vari\u00e1veis\/grupos estendida: boxplot EXSTAT &#8211; Excel Statistics Calculator (2013) Pacote de func\u00e7\u00f5es escritas em VBA para Microsoft Excel Principais ferramentas: testes n\u00e3o param\u00e9tricos\u00a0como\u00a0Mann-Whitney \/ Kruskal-Wallis \/ Friedman \/ Wilcoxon Curso de bioestat\u00edstica\u00a0(2012) &#8211; Curso de p\u00f3s gradua\u00e7\u00e3o para alunos do Instituto Butantan, oferecido tamb\u00e9m na Escola Paulista de Medicina em 2010 e 2011.<\/p>\n","category_list_v2":"","author_info_v2":{"name":"Pedro","url":"https:\/\/www.ime.usp.br\/~pedrosp\/author\/pedrosp\/"},"comments_num_v2":"0 comments","_links":{"self":[{"href":"https:\/\/www.ime.usp.br\/~pedrosp\/wp-json\/wp\/v2\/pages\/39","targetHints":{"allow":["GET"]}}],"collection":[{"href":"https:\/\/www.ime.usp.br\/~pedrosp\/wp-json\/wp\/v2\/pages"}],"about":[{"href":"https:\/\/www.ime.usp.br\/~pedrosp\/wp-json\/wp\/v2\/types\/page"}],"author":[{"embeddable":true,"href":"https:\/\/www.ime.usp.br\/~pedrosp\/wp-json\/wp\/v2\/users\/1"}],"replies":[{"embeddable":true,"href":"https:\/\/www.ime.usp.br\/~pedrosp\/wp-json\/wp\/v2\/comments?post=39"}],"version-history":[{"count":0,"href":"https:\/\/www.ime.usp.br\/~pedrosp\/wp-json\/wp\/v2\/pages\/39\/revisions"}],"wp:attachment":[{"href":"https:\/\/www.ime.usp.br\/~pedrosp\/wp-json\/wp\/v2\/media?parent=39"}],"curies":[{"name":"wp","href":"https:\/\/api.w.org\/{rel}","templated":true}]}}