{"id":36,"date":"2015-05-02T13:42:37","date_gmt":"2015-05-02T13:42:37","guid":{"rendered":"http:\/\/www.ime.usp.br\/~pedrosp\/wp\/wordpress\/?page_id=36"},"modified":"2026-04-14T13:18:33","modified_gmt":"2026-04-14T13:18:33","slug":"sobre","status":"publish","type":"page","link":"https:\/\/www.ime.usp.br\/~pedrosp\/sobre\/","title":{"rendered":"Sobre"},"content":{"rendered":"\n<div class=\"wp-block-columns is-layout-flex wp-container-core-columns-is-layout-28f84493 wp-block-columns-is-layout-flex\">\n<div class=\"wp-block-column is-layout-flow wp-block-column-is-layout-flow\" style=\"flex-basis:600px\">\n<p>Sou Professor do Departamento de Matem\u00e1tica Aplicada do Instituto de Matem\u00e1tica e Estat\u00edstica da Universidade de S\u00e3o Paulo. Em 2026, estou no Politecnico di Milano, Department of Mathematics, como professor visitante.<\/p>\n\n\n\n<p>Trabalho geralmente em temas interdisciplinares, tentando levar m\u00e9todos matem\u00e1ticos de alto n\u00edvel para aplica\u00e7\u00f5es relevantes, principalmente com olhar num\u00e9rico\/computacional.<\/p>\n\n\n\n<p>Meus principais interesses s\u00e3o em an\u00e1lise num\u00e9rica, din\u00e2mica dos fluidos computacional, fluidos geof\u00edsicos (atmosfera\/oceano), m\u00e9todos num\u00e9ricos para imageamento s\u00edsmico e biomatem\u00e1tica\/bioestat\u00edstica.<\/p>\n\n\n\n<p>Me procure caso tenha interesse em colaborar em algum projeto de pesquisa ou gostaria de orienta\u00e7\u00e3o de p\u00f3s-gradua\u00e7\u00e3o.<\/p>\n\n\n\n<p><em>Resumo de apresenta\u00e7\u00e3o<\/em>: Professor Associado do Departamento de Matem\u00e1tica Aplicada da Universidade de S\u00e3o Paulo, com ingresso em 2014 e Livre-Doc\u00eancia em 2019. P\u00f3s-doutorado (Visiting Professor) na Politecnica di Milano (2026). P\u00f3s-doutorado (Honorary Research Fellow) na University of Exeter, Reino Unido (2015). Doutor em Matem\u00e1tica Aplicada pela USP (2013) com est\u00e1gio sandu\u00edche na Universidade de Cambridge, Reino Unido (2012). Mestre em Matem\u00e1tica Aplicada (2009) e Especialista em Modelagem do N\u00edvel do Mar (Instituto Oceanogr\u00e1fico &#8211; 2007) pela USP. Graduado com honras Bacharel em Matem\u00e1tica Aplicada e Computacional pela USP em 2006. Bolsista Jovem Pesquisador FAPESP I e II (2016-2027). Editor associado do Monthly Weather Review (2015-2020, 2025-atual). Membro afiliado da Academia Brasileira de Ci\u00eancias (2023-2027). Atua principalmente na \u00e1rea de an\u00e1lise num\u00e9rica, m\u00e9todos num\u00e9ricos para equa\u00e7\u00f5es diferenciais, din\u00e2mica dos fluidos computacional e modelagem atmosf\u00e9rica global, mas possui trabalhos tamb\u00e9m na \u00e1rea de modelagem matem\u00e1tica e an\u00e1lises estat\u00edsticas para biotecnologia.<\/p>\n<\/div>\n\n\n\n<div class=\"wp-block-column is-layout-flow wp-block-column-is-layout-flow\">\n<figure class=\"wp-block-image size-full\"><a href=\"https:\/\/www.ime.usp.br\/~pedrosp\/wp\/wordpress\/wp-content\/uploads\/2023\/09\/Simposio-e-Diplomacao-dos-Membros-Afiliados-da-ABC-Regiao-SP-2023-2027-34.jpg\"><img loading=\"lazy\" decoding=\"async\" width=\"1000\" height=\"1000\" src=\"https:\/\/www.ime.usp.br\/~pedrosp\/wp\/wordpress\/wp-content\/uploads\/2023\/09\/Simposio-e-Diplomacao-dos-Membros-Afiliados-da-ABC-Regiao-SP-2023-2027-34.jpg\" alt=\"(2023-Diploma\u00e7\u00e3o na Academia Brasileira de Ci\u00eancias)\" class=\"wp-image-1810\" srcset=\"https:\/\/www.ime.usp.br\/~pedrosp\/wp\/wordpress\/wp-content\/uploads\/2023\/09\/Simposio-e-Diplomacao-dos-Membros-Afiliados-da-ABC-Regiao-SP-2023-2027-34.jpg 1000w, https:\/\/www.ime.usp.br\/~pedrosp\/wp\/wordpress\/wp-content\/uploads\/2023\/09\/Simposio-e-Diplomacao-dos-Membros-Afiliados-da-ABC-Regiao-SP-2023-2027-34-300x300.jpg 300w, https:\/\/www.ime.usp.br\/~pedrosp\/wp\/wordpress\/wp-content\/uploads\/2023\/09\/Simposio-e-Diplomacao-dos-Membros-Afiliados-da-ABC-Regiao-SP-2023-2027-34-150x150.jpg 150w, https:\/\/www.ime.usp.br\/~pedrosp\/wp\/wordpress\/wp-content\/uploads\/2023\/09\/Simposio-e-Diplomacao-dos-Membros-Afiliados-da-ABC-Regiao-SP-2023-2027-34-768x768.jpg 768w\" sizes=\"auto, (max-width: 1000px) 100vw, 1000px\" \/><\/a><\/figure>\n<\/div>\n<\/div>\n\n\n\n<div class=\"wp-block-stackable-divider stk-block-divider stk-block stk-ed4ad5b\" data-block-id=\"ed4ad5b\"><hr class=\"stk-block-divider__hr\"\/><\/div>\n\n\n\n<div class=\"aligncenter wp-block-ugb-icon ugb-icon ugb-b46c124 ugb-icon--v2 ugb-icon--design-basic ugb-main-block\"><style>.ugb-b46c124{justify-content:center !important}.ugb-b46c124 .ugb-icon__icon .ugb-icon-inner-svg,.ugb-b46c124 .ugb-icon__icon .ugb-icon-inner-svg svg{width:33px !important;height:33px !important}.ugb-b46c124 .ugb-icon__icon .ugb-icon-inner-svg{color:#293c76 !important}.ugb-b46c124 .ugb-icon__title{font-size:12px !important;text-align:center}.ugb-b46c124 .ugb-inner-block{text-align:center}.ugb-b46c124.ugb-icon{opacity:1 !important}.ugb-b46c124 .ugb-icon__icon .ugb-icon-inner-svg,.ugb-b46c124 .ugb-icon__icon .ugb-icon-inner-svg svg *{color:#293c76 !important;fill:#293c76 !important}<\/style><div class=\"ugb-inner-block\"><div class=\"ugb-block-content\"><div class=\"ugb-icon__content-wrapper\"><div class=\"ugb-icon__item ugb-icon__item1\"><a class=\"ugb-icon__icon\" rel=\"noopener noreferrer nofollow\" href=\"https:\/\/scholar.google.com\/citations?user=RjEGQP0AAAAJ&amp;hl=en&amp;authuser=1\" target=\"_blank\"><div class=\"ugb-icon-inner-svg\"><svg class=\"ugb-custom-icon\" height=\"2500\" width=\"2500\" xmlns=\"http:\/\/www.w3.org\/2000\/svg\" viewBox=\"0 0 512 512\"><g fill=\"none\" fill-rule=\"evenodd\"><path d=\"M256 411.12L0 202.667 256 0z\" fill=\"#4285f4\"><\/path><path d=\"M256 411.12l256-208.453L256 0z\" fill=\"#356ac3\"><\/path><circle cx=\"256\" cy=\"362.667\" fill=\"#a0c3ff\" r=\"149.333\"><\/circle><path d=\"M121.037 298.667c23.968-50.453 75.392-85.334 134.963-85.334s110.995 34.881 134.963 85.334H121.037z\" fill=\"#76a7fa\"><\/path><\/g><\/svg><\/div><\/a><h6 class=\"ugb-icon__title\">Google Scholar<\/h6><\/div><div class=\"ugb-icon__item ugb-icon__item2\"><a class=\"ugb-icon__icon\" rel=\"noopener noreferrer nofollow\" href=\"https:\/\/publons.com\/researcher\/2618502\/pedro-s-peixoto\/\" target=\"_blank\"><div class=\"ugb-icon-inner-svg\"><svg class=\"ugb-custom-icon\" role=\"img\" xmlns=\"http:\/\/www.w3.org\/2000\/svg\" viewBox=\"0 0 24 24\"><title>Publons icon<\/title><path d=\"M0 0v24h24V0zm10.34 5.1c.083.014.114.096.156.158.054.354.1.71.154 1.065.157-.162.31-.328.49-.464.867-.666 2.05-.94 3.11-.63.72.21 1.315.72 1.756 1.316.187.263.348.547.45.855.198.582.225 1.206.198 1.815-.053 1.12-.433 2.244-1.169 3.103a4.029 4.029 0 01-2.616 1.41 4.418 4.418 0 01-2.188-.317c.019 1.01.032 2.018.038 3.028.021.465-.021.938.087 1.396.031.14.123.292.28.308.302.036.608.013.912.02.057 0 .13.037.126.101.004.186.009.373-.004.56-.046.092-.17.07-.255.072a44.358 44.358 0 00-4.437 0l-.07-.056c-.004-.22-.063-.467.034-.671.3-.035.606.02.904-.032.191-.048.268-.26.295-.434.04-.32.027-.642.042-.963V8.348c0-.156.006-.31-.008-.465a.888.888 0 00-.34-.656c-.203-.158-.438-.265-.662-.388-.082-.052-.181-.097-.229-.187a.985.985 0 01.008-.337c.056-.066.144-.086.219-.122.73-.315 1.456-.636 2.185-.952.17-.068.346-.144.533-.144zm1.99 1.146c-.053 0-.104 0-.156.013a2.12 2.12 0 00-1.493.86c.005 1.44 0 2.88.003 4.32.005.327.073.676.302.924.524.512 1.302.692 2.014.593.577-.096 1.037-.538 1.279-1.054.344-.736.395-1.571.335-2.371-.053-.655-.181-1.312-.449-1.915-.184-.407-.442-.793-.811-1.054a1.717 1.717 0 00-1.024-.313z\"><\/path><\/svg><\/div><\/a><h6 class=\"ugb-icon__title\">Publons<\/h6><\/div><div class=\"ugb-icon__item ugb-icon__item3\"><a class=\"ugb-icon__icon\" rel=\"noopener noreferrer nofollow\" href=\"https:\/\/orcid.org\/0000-0003-2358-3221\" target=\"_blank\"><div class=\"ugb-icon-inner-svg\"><svg data-prefix=\"fas\" data-icon=\"info-circle\" class=\"svg-inline--fa fa-info-circle fa-w-16\" role=\"img\" xmlns=\"http:\/\/www.w3.org\/2000\/svg\" viewBox=\"0 0 512 512\"><path fill=\"currentColor\" d=\"M256 8C119.043 8 8 119.083 8 256c0 136.997 111.043 248 248 248s248-111.003 248-248C504 119.083 392.957 8 256 8zm0 110c23.196 0 42 18.804 42 42s-18.804 42-42 42-42-18.804-42-42 18.804-42 42-42zm56 254c0 6.627-5.373 12-12 12h-88c-6.627 0-12-5.373-12-12v-24c0-6.627 5.373-12 12-12h12v-64h-12c-6.627 0-12-5.373-12-12v-24c0-6.627 5.373-12 12-12h64c6.627 0 12 5.373 12 12v100h12c6.627 0 12 5.373 12 12v24z\"><\/path><\/svg><\/div><\/a><h6 class=\"ugb-icon__title\">ORCID<\/h6><\/div><div class=\"ugb-icon__item ugb-icon__item4\"><a class=\"ugb-icon__icon\" rel=\"noopener noreferrer nofollow\" href=\"http:\/\/lattes.cnpq.br\/6547630839036017\" target=\"_blank\"><div class=\"ugb-icon-inner-svg\"><svg class=\"ugb-custom-icon\" version=\"1.1\" xmlns=\"http:\/\/www.w3.org\/2000\/svg\" width=\"32\" height=\"32\" viewBox=\"0 0 32 32\">\n<title>lattes-new<\/title>\n<path d=\"M8.509 26.594c-2.733-5.6-4.359-8.982-4.359-9.066 0-0.137 0.167-0.118 1.809 0.204 2.888 0.567 4.431 0.727 7.003 0.728 3.403 0.001 6.174-0.538 8.327-1.621 1.139-0.573 1.824-1.081 2.385-1.769 0.691-0.848 0.913-1.432 0.921-2.415 0.007-0.935-0.119-1.428-0.66-2.572-0.214-0.452-0.402-0.971-0.42-1.153-0.028-0.293-0.004-0.335 0.212-0.36 0.472-0.056 2.802 2.206 3.66 3.553 1.479 2.323 1.599 4.836 0.347 7.266-0.769 1.493-1.619 2.526-3.042 3.7-2.365 1.95-5.114 3.308-8.91 4.402-2.039 0.588-5.336 1.301-6.015 1.301-0.144 0-0.414-0.472-1.256-2.199zM10.343 27.662c-0.029-0.059-0.379-0.778-0.779-1.599-0.832-1.709-1.068-2.308-0.908-2.308 0.060 0 0.084-0.077 0.055-0.171s-0.012-0.192 0.039-0.218c0.305-0.158-0.064-1.158-0.623-1.691-0.248-0.237-0.337-0.411-0.365-0.717-0.044-0.47-0.359-1.381-0.702-2.032-0.165-0.313-0.203-0.465-0.121-0.488 0.065-0.018-0.225-0.103-0.646-0.187s-0.822-0.192-0.892-0.238c-0.070-0.046-0.128-0.069-0.128-0.050 0 0.222 4.915 9.806 5.029 9.806 0.051 0 0.070-0.048 0.042-0.107zM9.27 17.563c-2.655-0.344-4.883-0.643-4.952-0.665-0.118-0.038-0.54-1.446-0.778-2.592-0.060-0.29-0.148-1.058-0.196-1.708-0.214-2.9 0.417-4.905 2.108-6.708 2.863-3.050 8.993-3.421 15.909-0.963 1.214 0.432 1.696 0.732 1.473 0.919-0.165 0.138-1.283 0.136-3.215-0.006-3.020-0.222-5.319 0.198-6.504 1.19-1.804 1.51-1.529 4.82 0.798 9.595 0.252 0.517 0.506 1.023 0.564 1.126 0.135 0.237 0.037 0.457-0.198 0.446-0.1-0.005-2.354-0.29-5.009-0.634zM13.61 17.556c-0.034-0.028-0.122-0.031-0.196-0.007-0.081 0.027-0.057 0.047 0.062 0.052 0.108 0.004 0.168-0.016 0.134-0.045zM13.053 17.466c-0.246-0.083-8.445-1.2-8.527-1.161-0.046 0.022-0.058 0.061-0.027 0.087 0.065 0.055 8.040 1.109 8.424 1.114 0.14 0.002 0.198-0.016 0.129-0.039zM9.787 16.612c-0.070-0.024-0.185-0.024-0.255 0s-0.013 0.043 0.128 0.043c0.14 0 0.198-0.019 0.128-0.043zM7.568 16.279c-1.010-0.158-2.016-0.318-2.236-0.355-0.332-0.056-0.422-0.118-0.535-0.366l-0.135-0.299 0.066 0.299c0.036 0.164 0.066 0.341 0.067 0.392 0.001 0.054 0.825 0.2 1.999 0.353 2.654 0.346 3.059 0.334 0.774-0.024zM18.177 14.965c-2.119-0.381-4.024-1.695-4.639-3.198-0.295-0.722-0.281-1.664 0.034-2.228 0.285-0.51 1.021-1.1 1.68-1.347 1.097-0.411 3.018-0.247 4.418 0.378 1.329 0.593 2.507 1.636 2.945 2.606 0.562 1.245 0.094 2.634-1.11 3.297-0.798 0.439-2.349 0.668-3.329 0.492zM17.071 13.969c-0.384-0.165-0.724-0.279-0.754-0.254-0.060 0.050 1.185 0.565 1.351 0.558 0.056-0.002-0.213-0.139-0.597-0.304zM15.984 13.087c-0.309-0.229-0.779-0.621-1.045-0.872s-0.484-0.417-0.485-0.37c-0.003 0.216 1.77 1.671 2.023 1.661 0.037-0.002-0.185-0.19-0.494-0.419z\"><\/path>\n<\/svg><\/div><\/a><h6 class=\"ugb-icon__title\">Lattes<\/h6><\/div><div class=\"ugb-icon__item ugb-icon__item5\"><a class=\"ugb-icon__icon\" rel=\"noopener noreferrer nofollow\" href=\"https:\/\/www.researchgate.net\/profile\/Pedro_Peixoto\" target=\"_blank\"><div class=\"ugb-icon-inner-svg\"><svg class=\"ugb-custom-icon\" version=\"1.1\" id=\"Capa_1\" xmlns=\"http:\/\/www.w3.org\/2000\/svg\" xmlns:xlink=\"http:\/\/www.w3.org\/1999\/xlink\" x=\"0px\" y=\"0px\" width=\"97.75px\" height=\"97.75px\" viewBox=\"0 0 97.75 97.75\" style=\"enable-background:new 0 0 97.75 97.75;\" xml:space=\"preserve\">\n\t\t<path d=\"M28.781,32.006h-4.592V45.85h4.051c2.342,0,4.143-0.549,5.404-1.646c1.261-1.098,1.891-2.945,1.891-5.545\n\t\t\tC35.535,34.225,33.284,32.006,28.781,32.006z\"><\/path>\n\t\t<path d=\"M48.875,0C21.883,0,0,21.883,0,48.875S21.883,97.75,48.875,97.75S97.75,75.867,97.75,48.875S75.867,0,48.875,0z\n\t\t\t M47.153,72.867H36.495c-0.502-0.67-0.821-1.443-0.956-2.318c-0.138-0.873-0.229-1.779-0.273-2.721l-0.267-9.207\n\t\t\tc-0.09-1.883-0.557-3.359-1.401-4.436c-0.845-1.074-2.27-1.613-4.271-1.613h-5.138v20.295h-9.728V24.883h17.967\n\t\t\tc4.053,0,7.203,1.018,9.456,3.057c2.251,2.039,3.377,5.143,3.377,9.309c0,3.225-0.653,5.857-1.959,7.896\n\t\t\tc-1.306,2.039-3.332,3.35-6.079,3.934v0.133c1.666,0.226,2.994,0.64,3.985,1.244c0.99,0.604,1.757,1.479,2.296,2.621\n\t\t\tc0.541,1.143,0.912,2.588,1.114,4.336c0.204,1.746,0.327,3.896,0.372,6.451c0.045,2.553,0.191,4.502,0.439,5.846\n\t\t\tc0.247,1.347,0.821,2.265,1.723,2.756L47.153,72.867L47.153,72.867z M83.288,72.867h-7.16v-4.434h-0.135\n\t\t\tc-1.173,1.881-2.578,3.248-4.222,4.098c-1.645,0.852-3.614,1.277-5.91,1.277c-2.971,0-5.393-0.55-7.262-1.646\n\t\t\tc-1.869-1.098-3.332-2.721-4.389-4.871c-1.061-2.15-1.77-4.807-2.129-7.965c-0.361-3.16-0.54-6.82-0.54-10.988\n\t\t\tc0-4.033,0.259-7.572,0.776-10.621c0.518-3.045,1.406-5.588,2.668-7.627c1.261-2.037,2.928-3.572,4.998-4.604\n\t\t\tc2.07-1.029,4.66-1.545,7.768-1.545c5.312,0,9.141,1.309,11.482,3.932c2.342,2.621,3.512,6.373,3.512,11.258h-9.32\n\t\t\tc0-0.852-0.102-1.76-0.305-2.723c-0.201-0.963-0.529-1.836-0.979-2.621c-0.451-0.783-1.024-1.434-1.723-1.951\n\t\t\tc-0.697-0.512-1.543-0.771-2.531-0.771c-2.344,0-4.031,1.299-5.066,3.898c-1.036,2.599-1.553,6.9-1.553,12.904\n\t\t\tc0,2.912,0.09,5.523,0.269,7.83c0.18,2.309,0.509,4.279,0.979,5.914c0.474,1.635,1.148,2.889,2.025,3.764\n\t\t\tc0.88,0.873,2.016,1.311,3.412,1.311c0.584,0,1.227-0.158,1.924-0.473c0.698-0.311,1.352-0.781,1.959-1.41\n\t\t\tc0.607-0.627,1.114-1.42,1.52-2.385c0.406-0.963,0.608-2.094,0.608-3.395v-4.906h-6.417v-7.125h15.738L83.288,72.867\n\t\t\tL83.288,72.867z\"><\/path>\n\t<\/svg><\/div><\/a><h6 class=\"ugb-icon__title\">Research Gate<\/h6><\/div><\/div><\/div><\/div><\/div>\n\n\n\n<div class=\"wp-block-columns is-layout-flex wp-container-core-columns-is-layout-28f84493 wp-block-columns-is-layout-flex\">\n<div class=\"wp-block-column is-layout-flow wp-block-column-is-layout-flow\" style=\"flex-basis:600px\">\n<ul id=\"block-8a6ca523-122f-423c-b587-99c008bf0555\" class=\"wp-block-list\">\n<li>Prof. Dr. (Associado) Departamento de Matem\u00e1tica Aplicada (MAP) do Instituto de Matem\u00e1tica e Estat\u00edstica (IME) da Universidade de S\u00e3o Paulo (USP).<\/li>\n\n\n\n<li>Professor visitante no Politecnico di Milano (2026).<\/li>\n\n\n\n<li>Membro afiliado da <a href=\"http:\/\/www.abc.org.br\/membro\/pedro-da-silva-peixoto\/\" target=\"_blank\" rel=\"noreferrer noopener\">Academia Brasileira de Ci\u00eancias <\/a>(2023-2028)<\/li>\n\n\n\n<li>Coordenador do Programa de P\u00f3s-Gradua\u00e7\u00e3o em Matem\u00e1tica Aplicada (2022-)<\/li>\n\n\n\n<li>Vice-presidente de Pesquisa do IME-USP (2020-2023)<\/li>\n\n\n\n<li>Livre Doc\u00eancia, USP (2019)<\/li>\n\n\n\n<li>Post-doc: Pesquisador honor\u00e1rio, College of Engineering, Mathematics and Physical Sciences, University of Exeter, UK, (Fev 2015 a Fev 2016).<\/li>\n\n\n\n<li>Doutorado em Matem\u00e1tica Aplicada, An\u00e1lise Num\u00e9rica, USP, 2013, com men\u00e7\u00e3o honrosa do Pr\u00eamio Tese Destaque USP na \u00e1rea de Ci\u00eancia Exatas e da Terra.<\/li>\n\n\n\n<li>Pesquisador visitante do Isaac Newton Institute of Mathematical Sciences (Univ. of Cambridge) como parte do programa de Multiscale Numerics for the Atmosphere and Ocean Programme, 2012<\/li>\n\n\n\n<li>Bacharel em Matem\u00e1tica Aplicada e Computacional (com men\u00e7\u00e3o honrosa), USP, 2006.<\/li>\n<\/ul>\n<\/div>\n\n\n\n<div class=\"wp-block-column is-layout-flow wp-block-column-is-layout-flow\">\n<figure class=\"wp-block-image aligncenter size-medium\"><img loading=\"lazy\" decoding=\"async\" width=\"300\" height=\"113\" src=\"https:\/\/www.ime.usp.br\/~pedrosp\/wp\/wordpress\/wp-content\/uploads\/2020\/07\/download-300x113.png\" alt=\"\" class=\"wp-image-889\" srcset=\"https:\/\/www.ime.usp.br\/~pedrosp\/wp\/wordpress\/wp-content\/uploads\/2020\/07\/download-300x113.png 300w, https:\/\/www.ime.usp.br\/~pedrosp\/wp\/wordpress\/wp-content\/uploads\/2020\/07\/download-332x126.png 332w, https:\/\/www.ime.usp.br\/~pedrosp\/wp\/wordpress\/wp-content\/uploads\/2020\/07\/download.png 365w\" sizes=\"auto, (max-width: 300px) 100vw, 300px\" \/><figcaption class=\"wp-element-caption\">Jovem Pesquisador FAPESP (<a rel=\"noreferrer noopener\" href=\"https:\/\/bv.fapesp.br\/pt\/auxilios\/95524\/metodos-numericos-para-a-nova-geracao-de-modelos-de-previsao-de-tempo-e-clima\/\" target=\"_blank\">Projeto1,<\/a><a rel=\"noreferrer noopener\" href=\"https:\/\/bv.fapesp.br\/pt\/auxilios\/109850\/metodos-numericos-para-uma-nova-geracao-de-modelos-de-previsao-de-tempo-e-clima\/\" target=\"_blank\">Projeto2<\/a>)<\/figcaption><\/figure>\n\n\n\n<p class=\"has-text-align-center\"><\/p>\n\n\n\n<figure class=\"wp-block-image aligncenter size-medium\"><img loading=\"lazy\" decoding=\"async\" width=\"300\" height=\"225\" src=\"https:\/\/www.ime.usp.br\/~pedrosp\/wp\/wordpress\/wp-content\/uploads\/2020\/11\/cnpq-conselho-nacional-de-desenvolvimento-cientifico-e-tecnologico-300x225.png\" alt=\"\" class=\"wp-image-1041\" srcset=\"https:\/\/www.ime.usp.br\/~pedrosp\/wp\/wordpress\/wp-content\/uploads\/2020\/11\/cnpq-conselho-nacional-de-desenvolvimento-cientifico-e-tecnologico-300x225.png 300w, https:\/\/www.ime.usp.br\/~pedrosp\/wp\/wordpress\/wp-content\/uploads\/2020\/11\/cnpq-conselho-nacional-de-desenvolvimento-cientifico-e-tecnologico-768x577.png 768w, https:\/\/www.ime.usp.br\/~pedrosp\/wp\/wordpress\/wp-content\/uploads\/2020\/11\/cnpq-conselho-nacional-de-desenvolvimento-cientifico-e-tecnologico-700x526.png 700w, https:\/\/www.ime.usp.br\/~pedrosp\/wp\/wordpress\/wp-content\/uploads\/2020\/11\/cnpq-conselho-nacional-de-desenvolvimento-cientifico-e-tecnologico-332x250.png 332w, https:\/\/www.ime.usp.br\/~pedrosp\/wp\/wordpress\/wp-content\/uploads\/2020\/11\/cnpq-conselho-nacional-de-desenvolvimento-cientifico-e-tecnologico.png 990w\" sizes=\"auto, (max-width: 300px) 100vw, 300px\" \/><figcaption class=\"wp-element-caption\">Bolsista Produtividade em Pesquisa CNPq &#8211; N\u00edvel 2 <\/figcaption><\/figure>\n<\/div>\n<\/div>\n","protected":false},"excerpt":{"rendered":"<p>Sou Professor do Departamento de Matem\u00e1tica Aplicada do Instituto de Matem\u00e1tica e Estat\u00edstica da Universidade de S\u00e3o Paulo. Em 2026, estou no Politecnico di Milano, Department of Mathematics, como professor visitante. Trabalho geralmente em temas interdisciplinares, tentando levar m\u00e9todos matem\u00e1ticos de alto n\u00edvel para aplica\u00e7\u00f5es relevantes, principalmente com olhar num\u00e9rico\/computacional. Meus principais interesses s\u00e3o em [&hellip;]<\/p>\n","protected":false},"author":1,"featured_media":0,"parent":0,"menu_order":0,"comment_status":"closed","ping_status":"closed","template":"","meta":{"_monsterinsights_skip_tracking":false,"_monsterinsights_sitenote_active":false,"_monsterinsights_sitenote_note":"","_monsterinsights_sitenote_category":0,"site-sidebar-layout":"default","site-content-layout":"","ast-site-content-layout":"default","site-content-style":"default","site-sidebar-style":"default","ast-global-header-display":"","ast-banner-title-visibility":"","ast-main-header-display":"","ast-hfb-above-header-display":"","ast-hfb-below-header-display":"","ast-hfb-mobile-header-display":"","site-post-title":"","ast-breadcrumbs-content":"","ast-featured-img":"","footer-sml-layout":"","ast-disable-related-posts":"","theme-transparent-header-meta":"","adv-header-id-meta":"","stick-header-meta":"","header-above-stick-meta":"","header-main-stick-meta":"","header-below-stick-meta":"","astra-migrate-meta-layouts":"set","ast-page-background-enabled":"default","ast-page-background-meta":{"desktop":{"background-color":"var(--ast-global-color-4)","background-image":"","background-repeat":"repeat","background-position":"center center","background-size":"auto","background-attachment":"scroll","background-type":"","background-media":"","overlay-type":"","overlay-color":"","overlay-opacity":"","overlay-gradient":""},"tablet":{"background-color":"","background-image":"","background-repeat":"repeat","background-position":"center center","background-size":"auto","background-attachment":"scroll","background-type":"","background-media":"","overlay-type":"","overlay-color":"","overlay-opacity":"","overlay-gradient":""},"mobile":{"background-color":"","background-image":"","background-repeat":"repeat","background-position":"center center","background-size":"auto","background-attachment":"scroll","background-type":"","background-media":"","overlay-type":"","overlay-color":"","overlay-opacity":"","overlay-gradient":""}},"ast-content-background-meta":{"desktop":{"background-color":"var(--ast-global-color-5)","background-image":"","background-repeat":"repeat","background-position":"center center","background-size":"auto","background-attachment":"scroll","background-type":"","background-media":"","overlay-type":"","overlay-color":"","overlay-opacity":"","overlay-gradient":""},"tablet":{"background-color":"var(--ast-global-color-5)","background-image":"","background-repeat":"repeat","background-position":"center center","background-size":"auto","background-attachment":"scroll","background-type":"","background-media":"","overlay-type":"","overlay-color":"","overlay-opacity":"","overlay-gradient":""},"mobile":{"background-color":"var(--ast-global-color-5)","background-image":"","background-repeat":"repeat","background-position":"center center","background-size":"auto","background-attachment":"scroll","background-type":"","background-media":"","overlay-type":"","overlay-color":"","overlay-opacity":"","overlay-gradient":""}},"footnotes":""},"class_list":["post-36","page","type-page","status-publish","hentry"],"featured_image_urls_v2":{"full":"","thumbnail":"","medium":"","medium_large":"","large":"","1536x1536":"","2048x2048":""},"post_excerpt_stackable_v2":"<p>Sou Professor do Departamento de Matem\u00e1tica Aplicada do Instituto de Matem\u00e1tica e Estat\u00edstica da Universidade de S\u00e3o Paulo. Em 2026, estou no Politecnico di Milano, Department of Mathematics, como professor visitante. Trabalho geralmente em temas interdisciplinares, tentando levar m\u00e9todos matem\u00e1ticos de alto n\u00edvel para aplica\u00e7\u00f5es relevantes, principalmente com olhar num\u00e9rico\/computacional. Meus principais interesses s\u00e3o em an\u00e1lise num\u00e9rica, din\u00e2mica dos fluidos computacional, fluidos geof\u00edsicos (atmosfera\/oceano), m\u00e9todos num\u00e9ricos para imageamento s\u00edsmico e biomatem\u00e1tica\/bioestat\u00edstica. Me procure caso tenha interesse em colaborar em algum projeto de pesquisa ou gostaria de orienta\u00e7\u00e3o de p\u00f3s-gradua\u00e7\u00e3o. Resumo de apresenta\u00e7\u00e3o: Professor Associado do Departamento de Matem\u00e1tica Aplicada da&hellip;<\/p>\n","category_list_v2":"","author_info_v2":{"name":"Pedro","url":"https:\/\/www.ime.usp.br\/~pedrosp\/author\/pedrosp\/"},"comments_num_v2":"0 comments","_links":{"self":[{"href":"https:\/\/www.ime.usp.br\/~pedrosp\/wp-json\/wp\/v2\/pages\/36","targetHints":{"allow":["GET"]}}],"collection":[{"href":"https:\/\/www.ime.usp.br\/~pedrosp\/wp-json\/wp\/v2\/pages"}],"about":[{"href":"https:\/\/www.ime.usp.br\/~pedrosp\/wp-json\/wp\/v2\/types\/page"}],"author":[{"embeddable":true,"href":"https:\/\/www.ime.usp.br\/~pedrosp\/wp-json\/wp\/v2\/users\/1"}],"replies":[{"embeddable":true,"href":"https:\/\/www.ime.usp.br\/~pedrosp\/wp-json\/wp\/v2\/comments?post=36"}],"version-history":[{"count":4,"href":"https:\/\/www.ime.usp.br\/~pedrosp\/wp-json\/wp\/v2\/pages\/36\/revisions"}],"predecessor-version":[{"id":2074,"href":"https:\/\/www.ime.usp.br\/~pedrosp\/wp-json\/wp\/v2\/pages\/36\/revisions\/2074"}],"wp:attachment":[{"href":"https:\/\/www.ime.usp.br\/~pedrosp\/wp-json\/wp\/v2\/media?parent=36"}],"curies":[{"name":"wp","href":"https:\/\/api.w.org\/{rel}","templated":true}]}}