{"id":388,"date":"2019-11-13T17:02:00","date_gmt":"2019-11-13T19:02:00","guid":{"rendered":"http:\/\/www2.ime.usp.br:8088\/biblioteca\/?page_id=388"},"modified":"2024-06-27T13:35:33","modified_gmt":"2024-06-27T16:35:33","slug":"producao-cientifica","status":"publish","type":"page","link":"https:\/\/www.ime.usp.br\/bib\/apoio-ao-pesquisador\/producao-cientifica\/","title":{"rendered":"Produ\u00e7\u00e3o Cient\u00edfica"},"content":{"rendered":"\n<p class=\"wp-block-paragraph\"><\/p>\n\n\n\n<h2 class=\"wp-block-heading\"><strong>Reposit\u00f3rio da Produ\u00e7\u00e3o da USP (ReP)<\/strong><\/h2>\n\n\n\n<p class=\"wp-block-paragraph\">A produ\u00e7\u00e3o cient\u00edfica da comunidade USP \u00e9 registrada no <a href=\"https:\/\/repositorio.usp.br\/\" target=\"_blank\" rel=\"noreferrer noopener\"><strong>Reposit\u00f3rio da Produ\u00e7\u00e3o da USP (ReP)<\/strong><\/a>, tamb\u00e9m conhecido como\u00a0Biblioteca Digital da Produ\u00e7\u00e3o Intelectual da USP (BDPI).<\/p>\n\n\n\n<p class=\"wp-block-paragraph\">Na BDPI constam cadastrados os livros, cap\u00edtulos, artigos, trabalhos de eventos, entre outras produ\u00e7\u00f5es intelectuais dos docentes, p\u00f3s-graduandos e funcion\u00e1rios da universidade. \u00c9 utilizada como fonte de indicadores e m\u00e9tricas associadas \u00e0s produ\u00e7\u00f5es acad\u00eamicas e cient\u00edficas da unidade, apresentando as totaliza\u00e7\u00f5es de produ\u00e7\u00e3o por tipo de material, autor, ano de publica\u00e7\u00e3o, idioma, t\u00edtulo da fonte, editora, idioma, ag\u00eancia de fomento, indexa\u00e7\u00e3o em bases de dados, entre outras op\u00e7\u00f5es de recupera\u00e7\u00e3o de dados.<\/p>\n\n\n\n<p class=\"wp-block-paragraph\">A&nbsp;Biblioteca do IME coleta&nbsp;regularmente a produ\u00e7\u00e3o cient\u00edfica de docentes, pesquisadores e funcion\u00e1rios da Unidade por meio de pesquisa nos buscadores de produ\u00e7\u00e3o cient\u00edfica, bases de dados, peri\u00f3dicos, eventos, identificadores de pesquisadores, Lattes e nos sites dos departamentos de ensino do IME.&nbsp;<\/p>\n\n\n\n<p class=\"is-style-info coblocks-alert-paragraph has-white-color has-light-blue-background-color has-text-color has-background wp-block-paragraph\"><strong><span class=\"has-inline-color has-white-color\">Se voc\u00ea \u00e9 docente, funcion\u00e1rio ou p\u00f3s-graduando e a sua produ\u00e7\u00e3o cient\u00edfica n\u00e3o consta na BDPI, entre em contato com a biblioteca:\u00a0<\/span><a aria-label=\" (abre numa nova aba)\" href=\"mailto:bib@ime.usp.br\" target=\"_blank\" rel=\"noreferrer noopener\"><span class=\"has-inline-color has-white-color\">bib@ime.usp.br<\/span><\/a><\/strong><\/p>\n\n\n\n<div style=\"height:20px\" aria-hidden=\"true\" class=\"wp-block-spacer\"><\/div>\n\n\n\n<ul class=\"wp-block-list\">\n<li><a rel=\"noreferrer noopener\" href=\"https:\/\/repositorio.usp.br\/advanced_search.php\" target=\"_blank\">Reposit\u00f3rio USP &#8211; Verifique sua produ\u00e7\u00e3o<\/a><\/li>\n\n\n\n<li>Consulte toda&nbsp;<a href=\"https:\/\/repositorio.usp.br\/result.php?filter[]=unidadeUSP:%22IME%22\" target=\"_blank\" rel=\"noreferrer noopener\">produ\u00e7\u00e3o intelectual do IME<\/a>.<\/li>\n\n\n\n<li>Consulte o <strong><a href=\"https:\/\/www.ime.usp.br\/bib\/wp-content\/uploads\/2023\/01\/Tutorial_ReP_2022.pdf\" target=\"_blank\" rel=\"noreferrer noopener\">Tutorial do ReP<\/a><\/strong><\/li>\n<\/ul>\n\n\n\n<div style=\"height:16px\" aria-hidden=\"true\" class=\"wp-block-spacer\"><\/div>\n\n\n\n<hr class=\"wp-block-coblocks-dynamic-separator is-style-line\" style=\"height:20px\"\/>\n\n\n\n<div style=\"height:14px\" aria-hidden=\"true\" class=\"wp-block-spacer\"><\/div>\n\n\n\n<h2 class=\"wp-block-heading\"><strong>Produ\u00e7\u00e3o Intelectual no Portal de Livros Abertos USP<\/strong><\/h2>\n\n\n\n<p class=\"wp-block-paragraph\">O Portal de Livros Abertos tem a proposta de agregar, divulgar e dar maior visibilidade e acessibilidade aos livros publicados em acesso aberto, produzidos por professores e funcion\u00e1rios da USP, al\u00e9m dos materiais dispersos em p\u00e1ginas pessoais, blogs e sites da universidade.<\/p>\n\n\n\n<p class=\"wp-block-paragraph\">Lan\u00e7ado em 2016 pelo antigo Sistema Integrado de Bibliotecas (SIBiUSP), o&nbsp;<a href=\"http:\/\/www.livrosabertos.sibi.usp.br\/portaldelivrosUSP\"><strong>Portal de Livros Abertos USP<\/strong><\/a>&nbsp;re\u00fane livros de todas as \u00e1reas do conhecimento, com acesso gratuito e sem uso de senha.&nbsp;<\/p>\n\n\n\n<p class=\"wp-block-paragraph\">Para que o livro fique dispon\u00edvel \u00e9 necess\u00e1rio que o detentor dos direitos autorais efetive o pedido, que passar\u00e1 por uma an\u00e1lise da equipe do Portal. <\/p>\n\n\n\n<p class=\"is-style-info coblocks-alert-paragraph wp-block-paragraph\"><strong>Consulte <a href=\"http:\/\/www.livrosabertos.sibi.usp.br\/portaldelivrosUSP\/about\/submissions\" target=\"_blank\" rel=\"noreferrer noopener\">aqui<\/a><\/strong> outras informa\u00e7\u00f5es sobre livros eletr\u00f4nicos e os crit\u00e9rios para submiss\u00e3o de livros no Portal de Livros Abertos.<\/p>\n","protected":false},"excerpt":{"rendered":"<p>Reposit\u00f3rio da Produ\u00e7\u00e3o da USP (ReP) A produ\u00e7\u00e3o cient\u00edfica da comunidade USP \u00e9 registrada no Reposit\u00f3rio da Produ\u00e7\u00e3o da USP (ReP), tamb\u00e9m conhecido como\u00a0Biblioteca Digital da Produ\u00e7\u00e3o Intelectual da USP (BDPI). Na BDPI constam cadastrados os livros, cap\u00edtulos, artigos, trabalhos <a href=\"https:\/\/www.ime.usp.br\/bib\/apoio-ao-pesquisador\/producao-cientifica\/\" class=\"read-more\">Leia mais &#8230;<\/a><\/p>\n","protected":false},"author":2,"featured_media":0,"parent":40,"menu_order":3,"comment_status":"closed","ping_status":"closed","template":"","meta":{"_coblocks_attr":"","_coblocks_dimensions":"","_coblocks_responsive_height":"","_coblocks_accordion_ie_support":"","_crdt_document":"","_uag_custom_page_level_css":"","_EventAllDay":false,"_EventTimezone":"","_EventStartDate":"","_EventEndDate":"","_EventStartDateUTC":"","_EventEndDateUTC":"","_EventShowMap":false,"_EventShowMapLink":false,"_EventURL":"","_EventCost":"","_EventCostDescription":"","_EventCurrencySymbol":"","_EventCurrencyCode":"","_EventCurrencyPosition":"","_EventDateTimeSeparator":"","_EventTimeRangeSeparator":"","_EventOrganizerID":[],"_EventVenueID":[],"_OrganizerEmail":"","_OrganizerPhone":"","_OrganizerWebsite":"","_VenueAddress":"","_VenueCity":"","_VenueCountry":"","_VenueProvince":"","_VenueState":"","_VenueZip":"","_VenuePhone":"","_VenueURL":"","_VenueStateProvince":"","_VenueLat":"","_VenueLng":"","_VenueShowMap":false,"_VenueShowMapLink":false,"footnotes":""},"class_list":["post-388","page","type-page","status-publish","hentry"],"uagb_featured_image_src":{"full":false,"thumbnail":false,"medium":false,"medium_large":false,"large":false,"1536x1536":false,"2048x2048":false,"education-hub-thumb":false},"uagb_author_info":{"display_name":"Stela Madruga","author_link":"https:\/\/www.ime.usp.br\/bib\/author\/stela\/"},"uagb_comment_info":0,"uagb_excerpt":"Reposit\u00f3rio da Produ\u00e7\u00e3o da USP (ReP) A produ\u00e7\u00e3o cient\u00edfica da comunidade USP \u00e9 registrada no Reposit\u00f3rio da Produ\u00e7\u00e3o da USP (ReP), tamb\u00e9m conhecido como\u00a0Biblioteca Digital da Produ\u00e7\u00e3o Intelectual da USP (BDPI). Na BDPI constam cadastrados os livros, cap\u00edtulos, artigos, trabalhos Leia mais ...","_links":{"self":[{"href":"https:\/\/www.ime.usp.br\/bib\/wp-json\/wp\/v2\/pages\/388","targetHints":{"allow":["GET"]}}],"collection":[{"href":"https:\/\/www.ime.usp.br\/bib\/wp-json\/wp\/v2\/pages"}],"about":[{"href":"https:\/\/www.ime.usp.br\/bib\/wp-json\/wp\/v2\/types\/page"}],"author":[{"embeddable":true,"href":"https:\/\/www.ime.usp.br\/bib\/wp-json\/wp\/v2\/users\/2"}],"replies":[{"embeddable":true,"href":"https:\/\/www.ime.usp.br\/bib\/wp-json\/wp\/v2\/comments?post=388"}],"version-history":[{"count":13,"href":"https:\/\/www.ime.usp.br\/bib\/wp-json\/wp\/v2\/pages\/388\/revisions"}],"predecessor-version":[{"id":4727,"href":"https:\/\/www.ime.usp.br\/bib\/wp-json\/wp\/v2\/pages\/388\/revisions\/4727"}],"up":[{"embeddable":true,"href":"https:\/\/www.ime.usp.br\/bib\/wp-json\/wp\/v2\/pages\/40"}],"wp:attachment":[{"href":"https:\/\/www.ime.usp.br\/bib\/wp-json\/wp\/v2\/media?parent=388"}],"curies":[{"name":"wp","href":"https:\/\/api.w.org\/{rel}","templated":true}]}}