{"id":361,"date":"2019-11-13T12:15:49","date_gmt":"2019-11-13T14:15:49","guid":{"rendered":"http:\/\/www2.ime.usp.br:8088\/biblioteca\/?page_id=361"},"modified":"2020-09-11T11:37:35","modified_gmt":"2020-09-11T14:37:35","slug":"sugestoes-de-compras-e-doacoes","status":"publish","type":"page","link":"https:\/\/www.ime.usp.br\/bib\/servicos\/sugestoes-de-compras-e-doacoes\/","title":{"rendered":"Compras e Doa\u00e7\u00f5es"},"content":{"rendered":"\n<h2 class=\"wp-block-heading\"><strong>Aquisi\u00e7\u00e3o de livros<\/strong><\/h2>\n\n\n\n<p class=\"wp-block-paragraph\">A compra de livros \u00e9 efetuada a partir de&nbsp;pedidos recebidos de&nbsp;professores e sugest\u00f5es da comunidade acad\u00eamica, observadas as necessidades mais urgentes, tais como: bibliografia b\u00e1sica e complementar dos cursos de gradua\u00e7\u00e3o e p\u00f3s-gradua\u00e7\u00e3o, projetos de pesquisa, entre outros.<\/p>\n\n\n\n<p class=\"wp-block-paragraph\">Os recursos s\u00e3o oriundos do Programa de Aquisi\u00e7\u00e3o de Livros mantido pela Reitoria da USP e gerenciado pela Ag\u00eancia USP de Gest\u00e3o de Informa\u00e7\u00e3o Acad\u00eamica (AGUIA).<\/p>\n\n\n\n<p class=\"wp-block-paragraph\">Para sugerir livros importantes para a sua \u00e1rea, dos quais a Biblioteca n\u00e3o disp\u00f5e, por gentileza preencha o formul\u00e1rio e envie os dados da obra. <\/p>\n\n\n<div class=\"wpforms-container wpforms-container-full\" id=\"wpforms-224\"><form id=\"wpforms-form-224\" class=\"wpforms-validate wpforms-form\" data-formid=\"224\" method=\"post\" enctype=\"multipart\/form-data\" action=\"\/bib\/wp-json\/wp\/v2\/pages\/361\" data-token=\"b491051dff3d66461481a5be21535d18\" data-token-time=\"1775589877\"><noscript class=\"wpforms-error-noscript\">Ative o JavaScript no seu navegador para preencher este formul\u00e1rio.<\/noscript><div class=\"wpforms-field-container\"><div id=\"wpforms-224-field_0-container\" class=\"wpforms-field wpforms-field-name\" data-field-id=\"0\"><label class=\"wpforms-field-label\">Nome <span class=\"wpforms-required-label\">*<\/span><\/label><div class=\"wpforms-field-row wpforms-field-medium\"><div class=\"wpforms-field-row-block wpforms-first wpforms-one-half\"><input type=\"text\" id=\"wpforms-224-field_0\" class=\"wpforms-field-name-first wpforms-field-required\" name=\"wpforms[fields][0][first]\" required><label for=\"wpforms-224-field_0\" class=\"wpforms-field-sublabel after\">Nome<\/label><\/div><div class=\"wpforms-field-row-block wpforms-one-half\"><input type=\"text\" id=\"wpforms-224-field_0-last\" class=\"wpforms-field-name-last wpforms-field-required\" name=\"wpforms[fields][0][last]\" required><label for=\"wpforms-224-field_0-last\" class=\"wpforms-field-sublabel after\">Sobrenome<\/label><\/div><\/div><div class=\"wpforms-field-description\">Insira no primeiro campo o prenome e no segundo campo o sobrenome<\/div><\/div><div id=\"wpforms-224-field_1-container\" class=\"wpforms-field wpforms-field-email\" data-field-id=\"1\"><label class=\"wpforms-field-label\" for=\"wpforms-224-field_1\">Email <span class=\"wpforms-required-label\">*<\/span><\/label><input type=\"email\" id=\"wpforms-224-field_1\" class=\"wpforms-field-medium wpforms-field-required\" name=\"wpforms[fields][1]\" spellcheck=\"false\" required><\/div><div id=\"wpforms-224-field_6-container\" class=\"wpforms-field wpforms-field-number\" data-field-id=\"6\"><label class=\"wpforms-field-label\" for=\"wpforms-224-field_6\">Telefone <span class=\"wpforms-required-label\">*<\/span><\/label><input type=\"number\" id=\"wpforms-224-field_6\" class=\"wpforms-field-medium wpforms-field-required\" name=\"wpforms[fields][6]\" step=\"any\" required><div class=\"wpforms-field-description\">Insira o n\u00famero de telefone com DDD.<\/div><\/div><div id=\"wpforms-224-field_7-container\" class=\"wpforms-field wpforms-field-select\" data-field-id=\"7\"><label class=\"wpforms-field-label\" for=\"wpforms-224-field_7\">Categoria <span class=\"wpforms-required-label\">*<\/span><\/label><select id=\"wpforms-224-field_7\" class=\"wpforms-field-medium wpforms-field-required\" name=\"wpforms[fields][7]\" required=\"required\"><option value=\"Docente\"  selected='selected' class=\"choice-1 depth-1\"  >Docente<\/option><option value=\"P\u00f3s-graduando\"  class=\"choice-2 depth-1\"  >P\u00f3s-graduando<\/option><option value=\"Graduando\"  class=\"choice-3 depth-1\"  >Graduando<\/option><option value=\"Funcion\u00e1rio\"  class=\"choice-4 depth-1\"  >Funcion\u00e1rio<\/option><option value=\"Ex-aluno\"  class=\"choice-5 depth-1\"  >Ex-aluno<\/option><option value=\"Outro\"  class=\"choice-6 depth-1\"  >Outro<\/option><option value=\"Escolha 7\"  class=\"choice-7 depth-1\"  >Escolha 7<\/option><option value=\"Escolha 8\"  class=\"choice-8 depth-1\"  >Escolha 8<\/option><\/select><\/div><div id=\"wpforms-224-field_10-container\" class=\"wpforms-field wpforms-field-select\" data-field-id=\"10\"><label class=\"wpforms-field-label\" for=\"wpforms-224-field_10\">Departamento<\/label><select id=\"wpforms-224-field_10\" class=\"wpforms-field-medium\" name=\"wpforms[fields][10]\"><option value=\"Ci\u00eancia da Computa\u00e7\u00e3o\"  class=\"choice-1 depth-1\"  >Ci\u00eancia da Computa\u00e7\u00e3o<\/option><option value=\"Estat\u00edstica\"  class=\"choice-2 depth-1\"  >Estat\u00edstica<\/option><option value=\"Matem\u00e1tica\"  class=\"choice-3 depth-1\"  >Matem\u00e1tica<\/option><option value=\"Matem\u00e1tica Aplicada\"  class=\"choice-4 depth-1\"  >Matem\u00e1tica Aplicada<\/option><\/select><\/div><div id=\"wpforms-224-field_3-container\" class=\"wpforms-field wpforms-field-text\" data-field-id=\"3\"><label class=\"wpforms-field-label\" for=\"wpforms-224-field_3\">T\u00edtulo da obra <span class=\"wpforms-required-label\">*<\/span><\/label><input type=\"text\" id=\"wpforms-224-field_3\" class=\"wpforms-field-large wpforms-field-required\" name=\"wpforms[fields][3]\" required><\/div><div id=\"wpforms-224-field_12-container\" class=\"wpforms-field wpforms-field-name\" data-field-id=\"12\"><label class=\"wpforms-field-label\" for=\"wpforms-224-field_12\">Autor <span class=\"wpforms-required-label\">*<\/span><\/label><input type=\"text\" id=\"wpforms-224-field_12\" class=\"wpforms-field-large wpforms-field-required\" name=\"wpforms[fields][12]\" required><div class=\"wpforms-field-description\">Insira o nome completo de todos os autores<\/div><\/div><div id=\"wpforms-224-field_18-container\" class=\"wpforms-field wpforms-field-name\" data-field-id=\"18\"><label class=\"wpforms-field-label\" for=\"wpforms-224-field_18\">Ano <span class=\"wpforms-required-label\">*<\/span><\/label><input type=\"text\" id=\"wpforms-224-field_18\" class=\"wpforms-field-large wpforms-field-required\" name=\"wpforms[fields][18]\" required><div class=\"wpforms-field-description\">Insira o ano da obra<\/div><\/div><div id=\"wpforms-224-field_19-container\" class=\"wpforms-field wpforms-field-name\" data-field-id=\"19\"><label class=\"wpforms-field-label\" for=\"wpforms-224-field_19\">Editora<\/label><input type=\"text\" id=\"wpforms-224-field_19\" class=\"wpforms-field-large\" name=\"wpforms[fields][19]\" ><div class=\"wpforms-field-description\">Insira a editora que publicou a obra<\/div><\/div><div id=\"wpforms-224-field_13-container\" class=\"wpforms-field wpforms-field-name\" data-field-id=\"13\"><label class=\"wpforms-field-label\" for=\"wpforms-224-field_13\">ISBN \/ ISSN <span class=\"wpforms-required-label\">*<\/span><\/label><input type=\"text\" id=\"wpforms-224-field_13\" class=\"wpforms-field-medium wpforms-field-required\" name=\"wpforms[fields][13]\" required><\/div><div id=\"wpforms-224-field_4-container\" class=\"wpforms-field wpforms-field-textarea\" data-field-id=\"4\"><label class=\"wpforms-field-label\" for=\"wpforms-224-field_4\">Coment\u00e1rios adicionais<\/label><textarea id=\"wpforms-224-field_4\" class=\"wpforms-field-medium\" name=\"wpforms[fields][4]\" ><\/textarea><\/div><div id=\"wpforms-224-field_17-container\" class=\"wpforms-field wpforms-field-radio\" data-field-id=\"17\"><label class=\"wpforms-field-label\">Motivo da solicita\u00e7\u00e3o<\/label><ul id=\"wpforms-224-field_17\"><li class=\"choice-1 depth-1\"><input type=\"radio\" id=\"wpforms-224-field_17_1\" name=\"wpforms[fields][17]\" value=\"Bibliografia b\u00e1sica de disciplina\"  ><label class=\"wpforms-field-label-inline\" for=\"wpforms-224-field_17_1\">Bibliografia b\u00e1sica de disciplina<\/label><\/li><li class=\"choice-5 depth-1\"><input type=\"radio\" id=\"wpforms-224-field_17_5\" name=\"wpforms[fields][17]\" value=\"Bibliografia complementar de disciplina\"  ><label class=\"wpforms-field-label-inline\" for=\"wpforms-224-field_17_5\">Bibliografia complementar de disciplina<\/label><\/li><li class=\"choice-2 depth-1\"><input type=\"radio\" id=\"wpforms-224-field_17_2\" name=\"wpforms[fields][17]\" value=\"Material adicional para desenvolver pesquisa cient\u00edfica\"  ><label class=\"wpforms-field-label-inline\" for=\"wpforms-224-field_17_2\">Material adicional para desenvolver pesquisa cient\u00edfica<\/label><\/li><li class=\"choice-3 depth-1\"><input type=\"radio\" id=\"wpforms-224-field_17_3\" name=\"wpforms[fields][17]\" value=\"Obra atual para a \u00e1rea - atualiza\u00e7\u00e3o do acervo\"  ><label class=\"wpforms-field-label-inline\" for=\"wpforms-224-field_17_3\">Obra atual para a \u00e1rea - atualiza\u00e7\u00e3o do acervo<\/label><\/li><\/ul><\/div><\/div><!-- .wpforms-field-container --><div class=\"wpforms-field wpforms-field-hp\"><label for=\"wpforms-224-field-hp\" class=\"wpforms-field-label\">Website<\/label><input type=\"text\" name=\"wpforms[hp]\" id=\"wpforms-224-field-hp\" class=\"wpforms-field-medium\"><\/div><div class=\"wpforms-recaptcha-container wpforms-is-recaptcha wpforms-is-recaptcha-type-v2\" ><div class=\"g-recaptcha\" data-sitekey=\"6LcxTuUUAAAAALfAmaBIJhAh5biODJXOqUneCR-8\"><\/div><input type=\"text\" name=\"g-recaptcha-hidden\" class=\"wpforms-recaptcha-hidden\" style=\"position:absolute!important;clip:rect(0,0,0,0)!important;height:1px!important;width:1px!important;border:0!important;overflow:hidden!important;padding:0!important;margin:0!important;\" data-rule-recaptcha=\"1\"><\/div><div class=\"wpforms-submit-container\" ><input type=\"hidden\" name=\"wpforms[id]\" value=\"224\"><input type=\"hidden\" name=\"page_title\" value=\"\"><input type=\"hidden\" name=\"page_url\" value=\"https:\/\/www.ime.usp.br\/bib\/wp-json\/wp\/v2\/pages\/361\"><input type=\"hidden\" name=\"url_referer\" value=\"\"><button type=\"submit\" name=\"wpforms[submit]\" id=\"wpforms-submit-224\" class=\"wpforms-submit\" data-alt-text=\"Sending...\" data-submit-text=\"Enviar\" aria-live=\"assertive\" value=\"wpforms-submit\">Enviar<\/button><\/div><\/form><\/div>  <!-- .wpforms-container -->\n\n\n\n<h2 class=\"wp-block-heading\"><strong>Doa\u00e7\u00f5es<\/strong><\/h2>\n\n\n\n<p class=\"wp-block-paragraph\">As doa\u00e7\u00f5es de publica\u00e7\u00f5es podem ser feitas por pessoas, empresas ou institui\u00e7\u00f5es.&nbsp;Para propor a doa\u00e7\u00e3o envie previamente um e-mail com a lista de t\u00edtulos, autores, edi\u00e7\u00e3o e data de publica\u00e7\u00e3o para&nbsp;<a href=\"mailto:bib@ime.usp.br\"><\/a><a href=\"mailto:bib@ime.usp.br\">bib@ime.usp.br<\/a>&nbsp;e aguarde a resposta da Biblioteca.<\/p>\n","protected":false},"excerpt":{"rendered":"<p>Aquisi\u00e7\u00e3o de livros A compra de livros \u00e9 efetuada a partir de&nbsp;pedidos recebidos de&nbsp;professores e sugest\u00f5es da comunidade acad\u00eamica, observadas as necessidades mais urgentes, tais como: bibliografia b\u00e1sica e complementar dos cursos de gradua\u00e7\u00e3o e p\u00f3s-gradua\u00e7\u00e3o, projetos de pesquisa, entre <a href=\"https:\/\/www.ime.usp.br\/bib\/servicos\/sugestoes-de-compras-e-doacoes\/\" class=\"read-more\">Leia mais &#8230;<\/a><\/p>\n","protected":false},"author":2,"featured_media":0,"parent":35,"menu_order":12,"comment_status":"closed","ping_status":"closed","template":"","meta":{"_coblocks_attr":"","_coblocks_dimensions":"","_coblocks_responsive_height":"","_coblocks_accordion_ie_support":"","_crdt_document":"","_uag_custom_page_level_css":"","_EventAllDay":false,"_EventTimezone":"","_EventStartDate":"","_EventEndDate":"","_EventStartDateUTC":"","_EventEndDateUTC":"","_EventShowMap":false,"_EventShowMapLink":false,"_EventURL":"","_EventCost":"","_EventCostDescription":"","_EventCurrencySymbol":"","_EventCurrencyCode":"","_EventCurrencyPosition":"","_EventDateTimeSeparator":"","_EventTimeRangeSeparator":"","_EventOrganizerID":[],"_EventVenueID":[],"_OrganizerEmail":"","_OrganizerPhone":"","_OrganizerWebsite":"","_VenueAddress":"","_VenueCity":"","_VenueCountry":"","_VenueProvince":"","_VenueState":"","_VenueZip":"","_VenuePhone":"","_VenueURL":"","_VenueStateProvince":"","_VenueLat":"","_VenueLng":"","_VenueShowMap":false,"_VenueShowMapLink":false,"footnotes":""},"class_list":["post-361","page","type-page","status-publish","hentry"],"uagb_featured_image_src":{"full":false,"thumbnail":false,"medium":false,"medium_large":false,"large":false,"1536x1536":false,"2048x2048":false,"education-hub-thumb":false},"uagb_author_info":{"display_name":"Stela Madruga","author_link":"https:\/\/www.ime.usp.br\/bib\/author\/stela\/"},"uagb_comment_info":0,"uagb_excerpt":"Aquisi\u00e7\u00e3o de livros A compra de livros \u00e9 efetuada a partir de&nbsp;pedidos recebidos de&nbsp;professores e sugest\u00f5es da comunidade acad\u00eamica, observadas as necessidades mais urgentes, tais como: bibliografia b\u00e1sica e complementar dos cursos de gradua\u00e7\u00e3o e p\u00f3s-gradua\u00e7\u00e3o, projetos de pesquisa, entre Leia mais ...","_links":{"self":[{"href":"https:\/\/www.ime.usp.br\/bib\/wp-json\/wp\/v2\/pages\/361","targetHints":{"allow":["GET"]}}],"collection":[{"href":"https:\/\/www.ime.usp.br\/bib\/wp-json\/wp\/v2\/pages"}],"about":[{"href":"https:\/\/www.ime.usp.br\/bib\/wp-json\/wp\/v2\/types\/page"}],"author":[{"embeddable":true,"href":"https:\/\/www.ime.usp.br\/bib\/wp-json\/wp\/v2\/users\/2"}],"replies":[{"embeddable":true,"href":"https:\/\/www.ime.usp.br\/bib\/wp-json\/wp\/v2\/comments?post=361"}],"version-history":[{"count":9,"href":"https:\/\/www.ime.usp.br\/bib\/wp-json\/wp\/v2\/pages\/361\/revisions"}],"predecessor-version":[{"id":4583,"href":"https:\/\/www.ime.usp.br\/bib\/wp-json\/wp\/v2\/pages\/361\/revisions\/4583"}],"up":[{"embeddable":true,"href":"https:\/\/www.ime.usp.br\/bib\/wp-json\/wp\/v2\/pages\/35"}],"wp:attachment":[{"href":"https:\/\/www.ime.usp.br\/bib\/wp-json\/wp\/v2\/media?parent=361"}],"curies":[{"name":"wp","href":"https:\/\/api.w.org\/{rel}","templated":true}]}}