{"id":347,"date":"2019-11-13T12:06:35","date_gmt":"2019-11-13T14:06:35","guid":{"rendered":"http:\/\/www2.ime.usp.br:8088\/biblioteca\/?page_id=347"},"modified":"2020-09-11T11:16:47","modified_gmt":"2020-09-11T14:16:47","slug":"solicitacao-de-artigos","status":"publish","type":"page","link":"https:\/\/www.ime.usp.br\/bib\/servicos\/solicitacao-de-artigos\/","title":{"rendered":"Solicita\u00e7\u00e3o de Artigos"},"content":{"rendered":"\n<p class=\"wp-block-paragraph\">A Biblioteca oferece atendimento personalizado para o pesquisador do IME auxiliando-o na busca por artigos de peri\u00f3dicos e levantamentos bibliogr\u00e1ficos.<\/p>\n\n\n\n<p class=\"wp-block-paragraph\">O Servi\u00e7o de COMUT (Programa de Comuta\u00e7\u00e3o Bibliogr\u00e1fica) permite a obten\u00e7\u00e3o de c\u00f3pias de documentos bibliogr\u00e1ficos dispon\u00edveis nos acervos das principais bibliotecas do Brasil, e que n\u00e3o foram encontrados em nossa biblioteca ou em bases de dados.<\/p>\n\n\n\n<p class=\"wp-block-paragraph\">Tipos de documentos que podem ser solicitados:<\/p>\n\n\n\n<p class=\"wp-block-paragraph\">\u2022 cap\u00edtulos de livros;<\/p>\n\n\n\n<p class=\"wp-block-paragraph\">\u2022 artigos de peri\u00f3dicos;<\/p>\n\n\n\n<p class=\"wp-block-paragraph\">\u2022 teses e disserta\u00e7\u00f5es;<\/p>\n\n\n\n<p class=\"wp-block-paragraph\">\u2022 trabalhos de eventos.<\/p>\n\n\n\n<p class=\"wp-block-paragraph\">Os t\u00edtulos de peri\u00f3dicos nacionais e estrangeiros dispon\u00edveis nas bibliotecas brasileiras podem ser consultados no CCN (Cat\u00e1logo Coletivo Nacional de Publica\u00e7\u00f5es Seriadas):&nbsp;<a rel=\"noreferrer noopener\" aria-label=\" (abre numa nova aba)\" href=\"http:\/\/ccn.ibict.br\/busca.jsf\" target=\"_blank\">http:\/\/ccn.ibict.br\/busca.jsf<\/a><\/p>\n\n\n\n<p class=\"wp-block-paragraph\">Pre\u00e7os COMUT:<\/p>\n\n\n\n<p class=\"wp-block-paragraph\">De 01 a 05 p\u00e1ginas = R$ 2,20<\/p>\n\n\n\n<p class=\"wp-block-paragraph\">De 11 a 15 p\u00e1ginas = R$ 6,60<\/p>\n\n\n\n<p class=\"wp-block-paragraph\">De 05 a 10 p\u00e1ginas = R$ 4,40<\/p>\n\n\n\n<p class=\"wp-block-paragraph\">De 16 a 20 p\u00e1ginas = R$ 8,80<\/p>\n\n\n\n<p class=\"wp-block-paragraph\">N\u00c3O H\u00c1 CUSTOS PARA SOLICITA\u00c7\u00d5ES ENTRE AS BIBLIOTECAS DA USP.<\/p>\n\n\n\n<p class=\"wp-block-paragraph\">Servi\u00e7o dispon\u00edvel apenas para alunos, docentes e funcion\u00e1rios do IME.<\/p>\n\n\n\n<h2 class=\"wp-block-heading\">Preencha o formul\u00e1rio abaixo:<\/h2>\n\n\n<div class=\"wpforms-container wpforms-container-full\" id=\"wpforms-1299\"><form id=\"wpforms-form-1299\" class=\"wpforms-validate wpforms-form\" data-formid=\"1299\" method=\"post\" enctype=\"multipart\/form-data\" action=\"\/bib\/wp-json\/wp\/v2\/pages\/347\" data-token=\"47f417ab4d155e757c011044d5f7e531\" data-token-time=\"1776378641\"><noscript class=\"wpforms-error-noscript\">Ative o JavaScript no seu navegador para preencher este formul\u00e1rio.<\/noscript><div class=\"wpforms-field-container\"><div id=\"wpforms-1299-field_0-container\" class=\"wpforms-field wpforms-field-name\" data-field-id=\"0\"><label class=\"wpforms-field-label\">Nome <span class=\"wpforms-required-label\">*<\/span><\/label><div class=\"wpforms-field-row wpforms-field-medium\"><div class=\"wpforms-field-row-block wpforms-first wpforms-one-half\"><input type=\"text\" id=\"wpforms-1299-field_0\" class=\"wpforms-field-name-first wpforms-field-required\" name=\"wpforms[fields][0][first]\" required><label for=\"wpforms-1299-field_0\" class=\"wpforms-field-sublabel after\">Nome<\/label><\/div><div class=\"wpforms-field-row-block wpforms-one-half\"><input type=\"text\" id=\"wpforms-1299-field_0-last\" class=\"wpforms-field-name-last wpforms-field-required\" name=\"wpforms[fields][0][last]\" required><label for=\"wpforms-1299-field_0-last\" class=\"wpforms-field-sublabel after\">Sobrenome<\/label><\/div><\/div><div class=\"wpforms-field-description\">Insira no primeiro campo o prenome e no segundo campo o sobrenome<\/div><\/div><div id=\"wpforms-1299-field_1-container\" class=\"wpforms-field wpforms-field-email\" data-field-id=\"1\"><label class=\"wpforms-field-label\" for=\"wpforms-1299-field_1\">Email <span class=\"wpforms-required-label\">*<\/span><\/label><input type=\"email\" id=\"wpforms-1299-field_1\" class=\"wpforms-field-medium wpforms-field-required\" name=\"wpforms[fields][1]\" spellcheck=\"false\" required><\/div><div id=\"wpforms-1299-field_6-container\" class=\"wpforms-field wpforms-field-number\" data-field-id=\"6\"><label class=\"wpforms-field-label\" for=\"wpforms-1299-field_6\">Telefone <span class=\"wpforms-required-label\">*<\/span><\/label><input type=\"number\" id=\"wpforms-1299-field_6\" class=\"wpforms-field-medium wpforms-field-required\" name=\"wpforms[fields][6]\" step=\"any\" required><div class=\"wpforms-field-description\">Insira o n\u00famero de telefone com DDD.<\/div><\/div><div id=\"wpforms-1299-field_18-container\" class=\"wpforms-field wpforms-field-number\" data-field-id=\"18\"><label class=\"wpforms-field-label\" for=\"wpforms-1299-field_18\">N\u00famero USP <span class=\"wpforms-required-label\">*<\/span><\/label><input type=\"number\" id=\"wpforms-1299-field_18\" class=\"wpforms-field-medium wpforms-field-required\" name=\"wpforms[fields][18]\" step=\"any\" required><div class=\"wpforms-field-description\">Insira o seu n\u00famero de matr\u00edcula ou funcional cadastrado nos sistemas USP.<\/div><\/div><div id=\"wpforms-1299-field_7-container\" class=\"wpforms-field wpforms-field-select wpforms-field-select-style-classic\" data-field-id=\"7\"><label class=\"wpforms-field-label\" for=\"wpforms-1299-field_7\">Categoria <span class=\"wpforms-required-label\">*<\/span><\/label><select id=\"wpforms-1299-field_7\" class=\"wpforms-field-medium wpforms-field-required\" name=\"wpforms[fields][7]\" required=\"required\"><option value=\"Docente IME\"  selected='selected' class=\"choice-1 depth-1\"  >Docente IME<\/option><option value=\"P\u00f3s-graduando IME\"  class=\"choice-2 depth-1\"  >P\u00f3s-graduando IME<\/option><option value=\"Graduando IME\"  class=\"choice-3 depth-1\"  >Graduando IME<\/option><option value=\"Funcion\u00e1rio IME\"  class=\"choice-4 depth-1\"  >Funcion\u00e1rio IME<\/option><\/select><\/div><div id=\"wpforms-1299-field_10-container\" class=\"wpforms-field wpforms-field-select wpforms-field-select-style-classic\" data-field-id=\"10\"><label class=\"wpforms-field-label\" for=\"wpforms-1299-field_10\">Tipo de documento <span class=\"wpforms-required-label\">*<\/span><\/label><select id=\"wpforms-1299-field_10\" class=\"wpforms-field-medium wpforms-field-required\" name=\"wpforms[fields][10]\" required=\"required\"><option value=\"Artigo de peri\u00f3dico\"  class=\"choice-1 depth-1\"  >Artigo de peri\u00f3dico<\/option><option value=\"Cap\u00edtulo de livro\"  class=\"choice-2 depth-1\"  >Cap\u00edtulo de livro<\/option><option value=\"Trabalho de evento\"  class=\"choice-3 depth-1\"  >Trabalho de evento<\/option><option value=\"Tese ou Disserta\u00e7\u00e3o\"  class=\"choice-4 depth-1\"  >Tese ou Disserta\u00e7\u00e3o<\/option><option value=\"Outro\"  class=\"choice-5 depth-1\"  >Outro<\/option><\/select><\/div><div id=\"wpforms-1299-field_12-container\" class=\"wpforms-field wpforms-field-name\" data-field-id=\"12\"><label class=\"wpforms-field-label\" for=\"wpforms-1299-field_12\">Autor <span class=\"wpforms-required-label\">*<\/span><\/label><input type=\"text\" id=\"wpforms-1299-field_12\" class=\"wpforms-field-large wpforms-field-required\" name=\"wpforms[fields][12]\" required><div class=\"wpforms-field-description\">Insira o nome completo de todos os autores<\/div><\/div><div id=\"wpforms-1299-field_3-container\" class=\"wpforms-field wpforms-field-text\" data-field-id=\"3\"><label class=\"wpforms-field-label\" for=\"wpforms-1299-field_3\">T\u00edtulo do artigo, cap\u00edtulo ou trabalho <span class=\"wpforms-required-label\">*<\/span><\/label><input type=\"text\" id=\"wpforms-1299-field_3\" class=\"wpforms-field-large wpforms-field-required\" name=\"wpforms[fields][3]\" required><\/div><div id=\"wpforms-1299-field_19-container\" class=\"wpforms-field wpforms-field-text\" data-field-id=\"19\"><label class=\"wpforms-field-label\" for=\"wpforms-1299-field_19\">T\u00edtulo do peri\u00f3dico, livro, tese ou evento <span class=\"wpforms-required-label\">*<\/span><\/label><input type=\"text\" id=\"wpforms-1299-field_19\" class=\"wpforms-field-large wpforms-field-required\" name=\"wpforms[fields][19]\" required><\/div><div id=\"wpforms-1299-field_20-container\" class=\"wpforms-field wpforms-field-text\" data-field-id=\"20\"><label class=\"wpforms-field-label\" for=\"wpforms-1299-field_20\">Ano, volume, fasc\u00edculo <span class=\"wpforms-required-label\">*<\/span><\/label><input type=\"text\" id=\"wpforms-1299-field_20\" class=\"wpforms-field-large wpforms-field-required\" name=\"wpforms[fields][20]\" required><\/div><div id=\"wpforms-1299-field_21-container\" class=\"wpforms-field wpforms-field-text\" data-field-id=\"21\"><label class=\"wpforms-field-label\" for=\"wpforms-1299-field_21\">P\u00e1ginas<\/label><input type=\"text\" id=\"wpforms-1299-field_21\" class=\"wpforms-field-large\" name=\"wpforms[fields][21]\" ><\/div><div id=\"wpforms-1299-field_4-container\" class=\"wpforms-field wpforms-field-textarea\" data-field-id=\"4\"><label class=\"wpforms-field-label\" for=\"wpforms-1299-field_4\">Coment\u00e1rios adicionais<\/label><textarea id=\"wpforms-1299-field_4\" class=\"wpforms-field-medium\" name=\"wpforms[fields][4]\" ><\/textarea><\/div><\/div><!-- .wpforms-field-container --><div class=\"wpforms-field wpforms-field-hp\"><label for=\"wpforms-1299-field-hp\" class=\"wpforms-field-label\">Message<\/label><input type=\"text\" name=\"wpforms[hp]\" id=\"wpforms-1299-field-hp\" class=\"wpforms-field-medium\"><\/div><div class=\"wpforms-recaptcha-container wpforms-is-recaptcha wpforms-is-recaptcha-type-v2\" ><div class=\"g-recaptcha\" data-sitekey=\"6LcxTuUUAAAAALfAmaBIJhAh5biODJXOqUneCR-8\"><\/div><input type=\"text\" name=\"g-recaptcha-hidden\" class=\"wpforms-recaptcha-hidden\" style=\"position:absolute!important;clip:rect(0,0,0,0)!important;height:1px!important;width:1px!important;border:0!important;overflow:hidden!important;padding:0!important;margin:0!important;\" data-rule-recaptcha=\"1\"><\/div><div class=\"wpforms-submit-container\" ><input type=\"hidden\" name=\"wpforms[id]\" value=\"1299\"><input type=\"hidden\" name=\"page_title\" value=\"\"><input type=\"hidden\" name=\"page_url\" value=\"https:\/\/www.ime.usp.br\/bib\/wp-json\/wp\/v2\/pages\/347\"><input type=\"hidden\" name=\"url_referer\" value=\"\"><button type=\"submit\" name=\"wpforms[submit]\" id=\"wpforms-submit-1299\" class=\"wpforms-submit\" data-alt-text=\"Enviando...\" data-submit-text=\"Enviar\" aria-live=\"assertive\" value=\"wpforms-submit\">Enviar<\/button><\/div><\/form><\/div>  <!-- .wpforms-container -->\n","protected":false},"excerpt":{"rendered":"<p>A Biblioteca oferece atendimento personalizado para o pesquisador do IME auxiliando-o na busca por artigos de peri\u00f3dicos e levantamentos bibliogr\u00e1ficos. O Servi\u00e7o de COMUT (Programa de Comuta\u00e7\u00e3o Bibliogr\u00e1fica) permite a obten\u00e7\u00e3o de c\u00f3pias de documentos bibliogr\u00e1ficos dispon\u00edveis nos acervos das <a href=\"https:\/\/www.ime.usp.br\/bib\/servicos\/solicitacao-de-artigos\/\" class=\"read-more\">Leia mais &#8230;<\/a><\/p>\n","protected":false},"author":2,"featured_media":0,"parent":35,"menu_order":6,"comment_status":"closed","ping_status":"closed","template":"","meta":{"_coblocks_attr":"","_coblocks_dimensions":"","_coblocks_responsive_height":"","_coblocks_accordion_ie_support":"","_crdt_document":"","_uag_custom_page_level_css":"","_EventAllDay":false,"_EventTimezone":"","_EventStartDate":"","_EventEndDate":"","_EventStartDateUTC":"","_EventEndDateUTC":"","_EventShowMap":false,"_EventShowMapLink":false,"_EventURL":"","_EventCost":"","_EventCostDescription":"","_EventCurrencySymbol":"","_EventCurrencyCode":"","_EventCurrencyPosition":"","_EventDateTimeSeparator":"","_EventTimeRangeSeparator":"","_EventOrganizerID":[],"_EventVenueID":[],"_OrganizerEmail":"","_OrganizerPhone":"","_OrganizerWebsite":"","_VenueAddress":"","_VenueCity":"","_VenueCountry":"","_VenueProvince":"","_VenueState":"","_VenueZip":"","_VenuePhone":"","_VenueURL":"","_VenueStateProvince":"","_VenueLat":"","_VenueLng":"","_VenueShowMap":false,"_VenueShowMapLink":false,"footnotes":""},"class_list":["post-347","page","type-page","status-publish","hentry"],"uagb_featured_image_src":{"full":false,"thumbnail":false,"medium":false,"medium_large":false,"large":false,"1536x1536":false,"2048x2048":false,"education-hub-thumb":false},"uagb_author_info":{"display_name":"Stela Madruga","author_link":"https:\/\/www.ime.usp.br\/bib\/author\/stela\/"},"uagb_comment_info":0,"uagb_excerpt":"A Biblioteca oferece atendimento personalizado para o pesquisador do IME auxiliando-o na busca por artigos de peri\u00f3dicos e levantamentos bibliogr\u00e1ficos. O Servi\u00e7o de COMUT (Programa de Comuta\u00e7\u00e3o Bibliogr\u00e1fica) permite a obten\u00e7\u00e3o de c\u00f3pias de documentos bibliogr\u00e1ficos dispon\u00edveis nos acervos das Leia mais ...","_links":{"self":[{"href":"https:\/\/www.ime.usp.br\/bib\/wp-json\/wp\/v2\/pages\/347","targetHints":{"allow":["GET"]}}],"collection":[{"href":"https:\/\/www.ime.usp.br\/bib\/wp-json\/wp\/v2\/pages"}],"about":[{"href":"https:\/\/www.ime.usp.br\/bib\/wp-json\/wp\/v2\/types\/page"}],"author":[{"embeddable":true,"href":"https:\/\/www.ime.usp.br\/bib\/wp-json\/wp\/v2\/users\/2"}],"replies":[{"embeddable":true,"href":"https:\/\/www.ime.usp.br\/bib\/wp-json\/wp\/v2\/comments?post=347"}],"version-history":[{"count":7,"href":"https:\/\/www.ime.usp.br\/bib\/wp-json\/wp\/v2\/pages\/347\/revisions"}],"predecessor-version":[{"id":3808,"href":"https:\/\/www.ime.usp.br\/bib\/wp-json\/wp\/v2\/pages\/347\/revisions\/3808"}],"up":[{"embeddable":true,"href":"https:\/\/www.ime.usp.br\/bib\/wp-json\/wp\/v2\/pages\/35"}],"wp:attachment":[{"href":"https:\/\/www.ime.usp.br\/bib\/wp-json\/wp\/v2\/media?parent=347"}],"curies":[{"name":"wp","href":"https:\/\/api.w.org\/{rel}","templated":true}]}}