{"id":298,"date":"2019-11-11T17:18:39","date_gmt":"2019-11-11T19:18:39","guid":{"rendered":"http:\/\/www2.ime.usp.br:8088\/biblioteca\/?page_id=298"},"modified":"2024-06-27T17:37:03","modified_gmt":"2024-06-27T20:37:03","slug":"catalogo-dedalus","status":"publish","type":"page","link":"https:\/\/www.ime.usp.br\/bib\/pesquisa\/catalogo-dedalus\/","title":{"rendered":"Cat\u00e1logo Dedalus"},"content":{"rendered":"\n<p class=\"wp-block-paragraph\">Dedalus \u00e9 o cat\u00e1logo online tradicional para consulta e localiza\u00e7\u00e3o dos materiais nos acervos f\u00edsicos das Bibliotecas da USP. <\/p>\n\n\n<div class=\"wp-block-image\">\n<figure class=\"aligncenter size-large\"><a href=\"http:\/\/www.dedalus.usp.br\/\" target=\"_blank\" rel=\"noreferrer noopener\"><img loading=\"lazy\" decoding=\"async\" width=\"786\" height=\"469\" src=\"https:\/\/www.ime.usp.br\/bib\/wp-content\/uploads\/2020\/03\/dedalus.png\" alt=\"\" class=\"wp-image-776\"\/><\/a><figcaption class=\"wp-element-caption\">Busca no cat\u00e1logo online das Bibliotecas da USP &#8211; Filtro para os materiais dispon\u00edveis na Biblioteca do IME<\/figcaption><\/figure>\n<\/div>\n\n\n<p class=\"wp-block-coblocks-highlight\" style=\"text-align:center\"><mark class=\"wp-block-coblocks-highlight__content has-black-color has-text-color has-background\" style=\"background-color:#f9fa00\"><strong>Acesse <a href=\"http:\/\/www.dedalus.usp.br\" target=\"_blank\" rel=\"noreferrer noopener\" aria-label=\"www.dedalus.usp.br (abre numa nova aba)\">www.dedalus.usp.br<\/a>&nbsp;para fazer sua busca. <\/strong><\/mark><\/p>\n\n\n\n<blockquote class=\"wp-block-quote is-layout-flow wp-block-quote-is-layout-flow\">\n<p class=\"wp-block-paragraph\"><strong><a aria-label=\"undefined (opens in a new tab)\" href=\"https:\/\/www.ime.usp.br\/bib\/tutorial_dedalus_ime-2\/\" target=\"_blank\" rel=\"noreferrer noopener\">Verifique o T<\/a><a href=\"https:\/\/www.ime.usp.br\/bib\/wp-content\/uploads\/2024\/06\/Tutorial_DEDALUS_IME-.pdf\" target=\"_blank\" rel=\"noreferrer noopener\">utorial completo do DEDALUS<\/a> <\/strong><br><\/p>\n<\/blockquote>\n","protected":false},"excerpt":{"rendered":"<p>Dedalus \u00e9 o cat\u00e1logo online tradicional para consulta e localiza\u00e7\u00e3o dos materiais nos acervos f\u00edsicos das Bibliotecas da USP. Verifique o Tutorial completo do DEDALUS<\/p>\n","protected":false},"author":2,"featured_media":0,"parent":44,"menu_order":1,"comment_status":"closed","ping_status":"closed","template":"","meta":{"_coblocks_attr":"","_coblocks_dimensions":"","_coblocks_responsive_height":"","_coblocks_accordion_ie_support":"","_crdt_document":"","_uag_custom_page_level_css":"","_EventAllDay":false,"_EventTimezone":"","_EventStartDate":"","_EventEndDate":"","_EventStartDateUTC":"","_EventEndDateUTC":"","_EventShowMap":false,"_EventShowMapLink":false,"_EventURL":"","_EventCost":"","_EventCostDescription":"","_EventCurrencySymbol":"","_EventCurrencyCode":"","_EventCurrencyPosition":"","_EventDateTimeSeparator":"","_EventTimeRangeSeparator":"","_EventOrganizerID":[],"_EventVenueID":[],"_OrganizerEmail":"","_OrganizerPhone":"","_OrganizerWebsite":"","_VenueAddress":"","_VenueCity":"","_VenueCountry":"","_VenueProvince":"","_VenueState":"","_VenueZip":"","_VenuePhone":"","_VenueURL":"","_VenueStateProvince":"","_VenueLat":"","_VenueLng":"","_VenueShowMap":false,"_VenueShowMapLink":false,"footnotes":""},"class_list":["post-298","page","type-page","status-publish","hentry"],"uagb_featured_image_src":{"full":false,"thumbnail":false,"medium":false,"medium_large":false,"large":false,"1536x1536":false,"2048x2048":false,"education-hub-thumb":false},"uagb_author_info":{"display_name":"Stela Madruga","author_link":"https:\/\/www.ime.usp.br\/bib\/author\/stela\/"},"uagb_comment_info":0,"uagb_excerpt":"Dedalus \u00e9 o cat\u00e1logo online tradicional para consulta e localiza\u00e7\u00e3o dos materiais nos acervos f\u00edsicos das Bibliotecas da USP. Verifique o Tutorial completo do DEDALUS","_links":{"self":[{"href":"https:\/\/www.ime.usp.br\/bib\/wp-json\/wp\/v2\/pages\/298","targetHints":{"allow":["GET"]}}],"collection":[{"href":"https:\/\/www.ime.usp.br\/bib\/wp-json\/wp\/v2\/pages"}],"about":[{"href":"https:\/\/www.ime.usp.br\/bib\/wp-json\/wp\/v2\/types\/page"}],"author":[{"embeddable":true,"href":"https:\/\/www.ime.usp.br\/bib\/wp-json\/wp\/v2\/users\/2"}],"replies":[{"embeddable":true,"href":"https:\/\/www.ime.usp.br\/bib\/wp-json\/wp\/v2\/comments?post=298"}],"version-history":[{"count":16,"href":"https:\/\/www.ime.usp.br\/bib\/wp-json\/wp\/v2\/pages\/298\/revisions"}],"predecessor-version":[{"id":4744,"href":"https:\/\/www.ime.usp.br\/bib\/wp-json\/wp\/v2\/pages\/298\/revisions\/4744"}],"up":[{"embeddable":true,"href":"https:\/\/www.ime.usp.br\/bib\/wp-json\/wp\/v2\/pages\/44"}],"wp:attachment":[{"href":"https:\/\/www.ime.usp.br\/bib\/wp-json\/wp\/v2\/media?parent=298"}],"curies":[{"name":"wp","href":"https:\/\/api.w.org\/{rel}","templated":true}]}}