{"id":261,"date":"2019-09-26T10:57:52","date_gmt":"2019-09-26T13:57:52","guid":{"rendered":"http:\/\/www2.ime.usp.br:8088\/biblioteca\/?page_id=261"},"modified":"2025-12-08T16:55:59","modified_gmt":"2025-12-08T19:55:59","slug":"espacos-e-recursos","status":"publish","type":"page","link":"https:\/\/www.ime.usp.br\/bib\/servicos\/espacos-e-recursos\/","title":{"rendered":"Espa\u00e7os e Recursos"},"content":{"rendered":"\n<p class=\"wp-block-paragraph\">A Biblioteca do IME disp\u00f5e de recursos e espa\u00e7os que apoiam o estudo, desenvolvimento de pesquisas e troca de informa\u00e7\u00f5es entre os membros da comunidade.<\/p>\n\n\n\n<div class=\"wp-block-coblocks-services\"><div class=\"has-columns has-2-columns has-responsive-columns has-medium-gutter\">\n<div class=\"wp-block-coblocks-service\"><figure class=\"wp-block-coblocks-service__figure\"><img decoding=\"async\" src=\"https:\/\/www.ime.usp.br\/bib\/wp-content\/uploads\/2020\/03\/sal\u00e3o.jpg\" alt=\"\"\/><\/figure><div class=\"wp-block-coblocks-service__content\">\n<h3 class=\"wp-block-heading has-text-align-none\"><strong>Espa\u00e7os de Estudo<\/strong> <\/h3>\n\n\n\n<p class=\"wp-block-paragraph\">A Biblioteca possui os seguintes espa\u00e7os para estudo:<\/p>\n\n\n\n<p class=\"wp-block-paragraph\">&#8211; 6 salas para estudo em dupla;<\/p>\n\n\n\n<p class=\"wp-block-paragraph\">&#8211; 6 salas para estudo em grupo;<\/p>\n\n\n\n<p class=\"wp-block-paragraph\">&#8211; 1 sal\u00e3o de estudos com 86 mesas individuais (entrada externa \u00e0 biblioteca)*;<\/p>\n\n\n\n<p class=\"wp-block-paragraph\">&#8211; 1 bancada com 18 mesas individuais (t\u00e9rreo, pr\u00f3xima ao acervo);<\/p>\n\n\n\n<p class=\"wp-block-paragraph\">&#8211; 4 mesas grandes para estudo em grupo (1\u00ba andar);<\/p>\n\n\n\n<p class=\"wp-block-paragraph\">&#8211; 5 computadores para pesquisar o cat\u00e1logo online e bases de dados (t\u00e9rreo);<\/p>\n\n\n\n<p class=\"wp-block-paragraph\">&#8211; 7 computadores para pesquisa em bases de dados (1\u00ba andar);<\/p>\n\n\n\n<p class=\"wp-block-paragraph\">&#8211; Poltronas para leitura distribu\u00eddas pela Biblioteca;<\/p>\n\n\n\n<p class=\"wp-block-paragraph\">&#8211; O total de 220 assentos dispon\u00edveis.<\/p>\n\n\n\n<p class=\"wp-block-paragraph\">*Somente a comunidade IME est\u00e1 autorizada a permanecer no Sal\u00e3o de Estudos entre 23h30 e 6h, consulte as <a href=\"https:\/\/www.ime.usp.br\/bib\/wp-content\/uploads\/2023\/01\/Salao_Estudos_Regras_2022.pdf\" target=\"_blank\" rel=\"noreferrer noopener\">regras de entrada e perman\u00eancia nos blocos do IME<\/a>, aprovadas pelo CTA do Instituto.<\/p>\n\n\n\n<p class=\"wp-block-paragraph\"><\/p>\n<\/div><\/div>\n\n\n\n<div class=\"wp-block-coblocks-service\"><figure class=\"wp-block-coblocks-service__figure\"><img decoding=\"async\" src=\"https:\/\/www.ime.usp.br\/bib\/wp-content\/uploads\/2020\/03\/consulta_computadores_usu\u00e1rios.jpg\" alt=\"\"\/><\/figure><div class=\"wp-block-coblocks-service__content\">\n<h3 class=\"wp-block-heading has-text-align-none\"><strong>Computadores para Pesquisa<\/strong> <\/h3>\n\n\n\n<p class=\"wp-block-paragraph\">No t\u00e9rreo ficam dispon\u00edveis computadores para pesquisa r\u00e1pida ao acervo e no piso superior ficam os computadores para pesquisas mais aprofundadas, que demandam mais tempo de uso dos equipamentos. <\/p>\n<\/div><\/div>\n\n\n\n<div class=\"wp-block-coblocks-service\"><figure class=\"wp-block-coblocks-service__figure\"><img decoding=\"async\" src=\"https:\/\/www.ime.usp.br\/bib\/wp-content\/uploads\/2025\/12\/WhatsApp-Image-2025-12-08-at-16.00.39.jpeg\" alt=\"\" style=\"object-position:14.000000000000002% 83%\"\/><\/figure><div class=\"wp-block-coblocks-service__content\">\n<h3 class=\"wp-block-heading has-text-align-none\"><strong>Guarda-volumes<\/strong> <\/h3>\n\n\n\n<p class=\"wp-block-paragraph\">Os usu\u00e1rios podem utilizar o guarda-volumes somente durante o per\u00edodo em que estiverem nas depend\u00eancias da Biblioteca. <\/p>\n<\/div><\/div>\n<\/div><\/div>\n\n\n\n<div style=\"height:20px\" aria-hidden=\"true\" class=\"wp-block-spacer\"><\/div>\n\n\n\n<div style=\"height:50px\" aria-hidden=\"true\" class=\"wp-block-spacer\"><\/div>\n\n\n\n<div style=\"height:50px\" aria-hidden=\"true\" class=\"wp-block-spacer\"><\/div>\n\n\n\n<div style=\"height:20px\" aria-hidden=\"true\" class=\"wp-block-spacer\"><\/div>\n\n\n\n<div style=\"height:50px\" aria-hidden=\"true\" class=\"wp-block-spacer\"><\/div>\n\n\n\n<div style=\"height:20px\" aria-hidden=\"true\" class=\"wp-block-spacer\"><\/div>\n","protected":false},"excerpt":{"rendered":"<p>A Biblioteca do IME disp\u00f5e de recursos e espa\u00e7os que apoiam o estudo, desenvolvimento de pesquisas e troca de informa\u00e7\u00f5es entre os membros da comunidade.<\/p>\n","protected":false},"author":2,"featured_media":0,"parent":35,"menu_order":4,"comment_status":"closed","ping_status":"closed","template":"","meta":{"_coblocks_attr":"","_coblocks_dimensions":"","_coblocks_responsive_height":"","_coblocks_accordion_ie_support":"","_crdt_document":"","_uag_custom_page_level_css":"","_EventAllDay":false,"_EventTimezone":"","_EventStartDate":"","_EventEndDate":"","_EventStartDateUTC":"","_EventEndDateUTC":"","_EventShowMap":false,"_EventShowMapLink":false,"_EventURL":"","_EventCost":"","_EventCostDescription":"","_EventCurrencySymbol":"","_EventCurrencyCode":"","_EventCurrencyPosition":"","_EventDateTimeSeparator":"","_EventTimeRangeSeparator":"","_EventOrganizerID":[],"_EventVenueID":[],"_OrganizerEmail":"","_OrganizerPhone":"","_OrganizerWebsite":"","_VenueAddress":"","_VenueCity":"","_VenueCountry":"","_VenueProvince":"","_VenueState":"","_VenueZip":"","_VenuePhone":"","_VenueURL":"","_VenueStateProvince":"","_VenueLat":"","_VenueLng":"","_VenueShowMap":false,"_VenueShowMapLink":false,"footnotes":""},"class_list":["post-261","page","type-page","status-publish","hentry"],"uagb_featured_image_src":{"full":false,"thumbnail":false,"medium":false,"medium_large":false,"large":false,"1536x1536":false,"2048x2048":false,"education-hub-thumb":false},"uagb_author_info":{"display_name":"Stela Madruga","author_link":"https:\/\/www.ime.usp.br\/bib\/author\/stela\/"},"uagb_comment_info":0,"uagb_excerpt":"A Biblioteca do IME disp\u00f5e de recursos e espa\u00e7os que apoiam o estudo, desenvolvimento de pesquisas e troca de informa\u00e7\u00f5es entre os membros da comunidade.","_links":{"self":[{"href":"https:\/\/www.ime.usp.br\/bib\/wp-json\/wp\/v2\/pages\/261","targetHints":{"allow":["GET"]}}],"collection":[{"href":"https:\/\/www.ime.usp.br\/bib\/wp-json\/wp\/v2\/pages"}],"about":[{"href":"https:\/\/www.ime.usp.br\/bib\/wp-json\/wp\/v2\/types\/page"}],"author":[{"embeddable":true,"href":"https:\/\/www.ime.usp.br\/bib\/wp-json\/wp\/v2\/users\/2"}],"replies":[{"embeddable":true,"href":"https:\/\/www.ime.usp.br\/bib\/wp-json\/wp\/v2\/comments?post=261"}],"version-history":[{"count":36,"href":"https:\/\/www.ime.usp.br\/bib\/wp-json\/wp\/v2\/pages\/261\/revisions"}],"predecessor-version":[{"id":4963,"href":"https:\/\/www.ime.usp.br\/bib\/wp-json\/wp\/v2\/pages\/261\/revisions\/4963"}],"up":[{"embeddable":true,"href":"https:\/\/www.ime.usp.br\/bib\/wp-json\/wp\/v2\/pages\/35"}],"wp:attachment":[{"href":"https:\/\/www.ime.usp.br\/bib\/wp-json\/wp\/v2\/media?parent=261"}],"curies":[{"name":"wp","href":"https:\/\/api.w.org\/{rel}","templated":true}]}}